{"id":10598,"date":"2024-10-10T12:35:22","date_gmt":"2024-10-10T11:35:22","guid":{"rendered":"https:\/\/www.maresmefilmfestival.com\/my-carpathian-grandpa\/"},"modified":"2024-10-10T13:14:12","modified_gmt":"2024-10-10T12:14:12","slug":"my-carpathian-grandpa","status":"publish","type":"page","link":"https:\/\/www.maresmefilmfestival.com\/es\/creative-rosebud-awards-2\/my-carpathian-grandpa\/","title":{"rendered":"My Carpathian Grandpa"},"content":{"rendered":"<div class=\"wpb-content-wrapper\"><p>[vc_row][vc_column width=\u00bb1\/4&#8243;][vc_single_image image=\u00bb10425&#8243; img_size=\u00bbmedium\u00bb css=\u00bb\u00bb][vc_column_text][\/vc_column_text][\/vc_column][vc_column width=\u00bb3\/4&#8243;][vc_column_text css=\u00bb\u00bb]<strong>My Carpathian Grandpa<\/strong><\/p>\n<p>El joven italiano Michele, que tiene ra\u00edces ucranianas, viaja a un pueblo abandonado de los C\u00e1rpatos para esparcir las cenizas de su madre. All\u00ed vive su abuelo Michael, un antiguo payaso llamado \u201cBuba\u201d. La relaci\u00f3n entre Michael y Michele est\u00e1 acompa\u00f1ada por una serie de extra\u00f1os acontecimientos que convierten las situaciones serias en una tragicomedia y unen para siempre los destinos, antes divididos, del abuelo y el nieto.[\/vc_column_text][\/vc_column][\/vc_row][vc_row][vc_column width=\u00bb1\/2&#8243;][vc_column_text css=\u00bb\u00bb]<\/p>\n<h3 style=\"text-align: justify;\"><strong><span style=\"color: #d3ab1d;\">Datos Generales<\/span><\/strong><\/h3>\n<p class=\"p1\"><strong>T\u00edtol original: <\/strong>My Carpathian Grandpa<\/p>\n<p><strong>Any:<\/strong> 2024<\/p>\n<p class=\"p1\"><strong>Durada:<\/strong> 116 minuts<\/p>\n<p class=\"p1\"><b>Coproducci\u00f3: <\/b>Ucra\u00efna, It\u00e0lia, Rep\u00fablica Txeca, Mold\u00e0via<\/p>\n<p class=\"p1\"><strong>Direcci\u00f3:<\/strong> Zaza Buadze<\/p>\n<p><strong>Gui\u00f3:<\/strong> Zaza Buadze, Grigoris Karantinakis<\/p>\n<p><strong>Direcci\u00f3 de fotografia:<\/strong> Oleksandr Zemlianyi<\/p>\n<p><strong>Repartiment:<\/strong> Bohdan Benyuk, Simone Costa<\/p>\n<p><strong>Coproductors:<\/strong> Olga Kozarevska, Sergiu Paskaru<\/p>\n<p><strong>Producci\u00f3:<\/strong> InsightMedia Producer Center<\/p>\n<p class=\"p1\"><strong>Idioma: <\/strong>V.O.S.E<\/p>\n<p>[\/vc_column_text][\/vc_column][vc_column width=\u00bb1\/2&#8243;][vc_column_text css=\u00bb\u00bb]<\/p>\n<h3 style=\"text-align: justify;\"><strong><span style=\"color: #d3ab1d;\">G\u00e9nero<\/span><\/strong><\/h3>\n<p class=\"p1\">Drama<\/p>\n<h3><strong><span style=\"color: #d3ab1d;\">Tr\u00e1iler<\/span><\/strong><\/h3>\n<p>[\/vc_column_text][vc_video link=\u00bbhttps:\/\/youtu.be\/rnrf_zXFVdU?si=wGJT6E_Gq_Niy-vD\u00bb css=\u00bb\u00bb][\/vc_column][\/vc_row]<\/p>\n<\/div>","protected":false},"excerpt":{"rendered":"<p>[vc_row][vc_column width=\u00bb1\/4&#8243;][vc_single_image image=\u00bb10425&#8243; img_size=\u00bbmedium\u00bb css=\u00bb\u00bb][vc_column_text][\/vc_column_text][\/vc_column][vc_column width=\u00bb3\/4&#8243;][vc_column_text css=\u00bb\u00bb]My Carpathian Grandpa El joven italiano Michele, que tiene ra\u00edces ucranianas, viaja a un pueblo abandonado de los C\u00e1rpatos para esparcir las cenizas de [&hellip;]<\/p>\n","protected":false},"author":1,"featured_media":0,"parent":10612,"menu_order":0,"comment_status":"closed","ping_status":"closed","template":"","meta":{"footnotes":""},"class_list":["post-10598","page","type-page","status-publish","hentry"],"yoast_head":"<!-- This site is optimized with the Yoast SEO plugin v27.5 - https:\/\/yoast.com\/product\/yoast-seo-wordpress\/ -->\n<title>My Carpathian Grandpa - Calella Film Festival<\/title>\n<meta name=\"robots\" content=\"index, follow, max-snippet:-1, max-image-preview:large, max-video-preview:-1\" \/>\n<link rel=\"canonical\" href=\"https:\/\/www.maresmefilmfestival.com\/es\/creative-rosebud-awards-2\/my-carpathian-grandpa\/\" \/>\n<meta property=\"og:locale\" content=\"es_ES\" \/>\n<meta property=\"og:type\" content=\"article\" \/>\n<meta property=\"og:title\" content=\"My Carpathian Grandpa - Calella Film Festival\" \/>\n<meta property=\"og:description\" content=\"[vc_row][vc_column width=\u00bb1\/4&#8243;][vc_single_image image=\u00bb10425&#8243; img_size=\u00bbmedium\u00bb css=\u00bb\u00bb][vc_column_text][\/vc_column_text][\/vc_column][vc_column width=\u00bb3\/4&#8243;][vc_column_text css=\u00bb\u00bb]My Carpathian Grandpa El joven italiano Michele, que tiene ra\u00edces ucranianas, viaja a un pueblo abandonado de los C\u00e1rpatos para esparcir las cenizas de [&hellip;]\" \/>\n<meta property=\"og:url\" content=\"https:\/\/www.maresmefilmfestival.com\/es\/creative-rosebud-awards-2\/my-carpathian-grandpa\/\" \/>\n<meta property=\"og:site_name\" content=\"Calella Film Festival\" \/>\n<meta property=\"article:publisher\" content=\"https:\/\/www.facebook.com\/Festival-de-Cinema-de-Calella-536425489872034\/?ref=hl\" \/>\n<meta property=\"article:modified_time\" content=\"2024-10-10T12:14:12+00:00\" \/>\n<meta name=\"twitter:card\" content=\"summary_large_image\" \/>\n<meta name=\"twitter:site\" content=\"@CalellaFilmFest\" \/>\n<meta name=\"twitter:label1\" content=\"Tiempo de lectura\" \/>\n\t<meta name=\"twitter:data1\" content=\"1 minuto\" \/>\n<script type=\"application\/ld+json\" class=\"yoast-schema-graph\">{\"@context\":\"https:\\\/\\\/schema.org\",\"@graph\":[{\"@type\":\"WebPage\",\"@id\":\"https:\\\/\\\/www.maresmefilmfestival.com\\\/es\\\/creative-rosebud-awards-2\\\/my-carpathian-grandpa\\\/\",\"url\":\"https:\\\/\\\/www.maresmefilmfestival.com\\\/es\\\/creative-rosebud-awards-2\\\/my-carpathian-grandpa\\\/\",\"name\":\"My Carpathian Grandpa - Calella Film Festival\",\"isPartOf\":{\"@id\":\"https:\\\/\\\/www.maresmefilmfestival.com\\\/es\\\/#website\"},\"datePublished\":\"2024-10-10T11:35:22+00:00\",\"dateModified\":\"2024-10-10T12:14:12+00:00\",\"breadcrumb\":{\"@id\":\"https:\\\/\\\/www.maresmefilmfestival.com\\\/es\\\/creative-rosebud-awards-2\\\/my-carpathian-grandpa\\\/#breadcrumb\"},\"inLanguage\":\"es\",\"potentialAction\":[{\"@type\":\"ReadAction\",\"target\":[\"https:\\\/\\\/www.maresmefilmfestival.com\\\/es\\\/creative-rosebud-awards-2\\\/my-carpathian-grandpa\\\/\"]}]},{\"@type\":\"BreadcrumbList\",\"@id\":\"https:\\\/\\\/www.maresmefilmfestival.com\\\/es\\\/creative-rosebud-awards-2\\\/my-carpathian-grandpa\\\/#breadcrumb\",\"itemListElement\":[{\"@type\":\"ListItem\",\"position\":1,\"name\":\"Portada\",\"item\":\"https:\\\/\\\/www.maresmefilmfestival.com\\\/es\\\/\"},{\"@type\":\"ListItem\",\"position\":2,\"name\":\"Creative Rosebud Awards\",\"item\":\"https:\\\/\\\/www.maresmefilmfestival.com\\\/es\\\/creative-rosebud-awards-2\\\/\"},{\"@type\":\"ListItem\",\"position\":3,\"name\":\"My Carpathian Grandpa\"}]},{\"@type\":\"WebSite\",\"@id\":\"https:\\\/\\\/www.maresmefilmfestival.com\\\/es\\\/#website\",\"url\":\"https:\\\/\\\/www.maresmefilmfestival.com\\\/es\\\/\",\"name\":\"Calella Film Festival\",\"description\":\"Festival de Cinema\",\"potentialAction\":[{\"@type\":\"SearchAction\",\"target\":{\"@type\":\"EntryPoint\",\"urlTemplate\":\"https:\\\/\\\/www.maresmefilmfestival.com\\\/es\\\/?s={search_term_string}\"},\"query-input\":{\"@type\":\"PropertyValueSpecification\",\"valueRequired\":true,\"valueName\":\"search_term_string\"}}],\"inLanguage\":\"es\"}]}<\/script>\n<!-- \/ Yoast SEO plugin. -->","yoast_head_json":{"title":"My Carpathian Grandpa - Calella Film Festival","robots":{"index":"index","follow":"follow","max-snippet":"max-snippet:-1","max-image-preview":"max-image-preview:large","max-video-preview":"max-video-preview:-1"},"canonical":"https:\/\/www.maresmefilmfestival.com\/es\/creative-rosebud-awards-2\/my-carpathian-grandpa\/","og_locale":"es_ES","og_type":"article","og_title":"My Carpathian Grandpa - Calella Film Festival","og_description":"[vc_row][vc_column width=\u00bb1\/4&#8243;][vc_single_image image=\u00bb10425&#8243; img_size=\u00bbmedium\u00bb css=\u00bb\u00bb][vc_column_text][\/vc_column_text][\/vc_column][vc_column width=\u00bb3\/4&#8243;][vc_column_text css=\u00bb\u00bb]My Carpathian Grandpa El joven italiano Michele, que tiene ra\u00edces ucranianas, viaja a un pueblo abandonado de los C\u00e1rpatos para esparcir las cenizas de [&hellip;]","og_url":"https:\/\/www.maresmefilmfestival.com\/es\/creative-rosebud-awards-2\/my-carpathian-grandpa\/","og_site_name":"Calella Film Festival","article_publisher":"https:\/\/www.facebook.com\/Festival-de-Cinema-de-Calella-536425489872034\/?ref=hl","article_modified_time":"2024-10-10T12:14:12+00:00","twitter_card":"summary_large_image","twitter_site":"@CalellaFilmFest","twitter_misc":{"Tiempo de lectura":"1 minuto"},"schema":{"@context":"https:\/\/schema.org","@graph":[{"@type":"WebPage","@id":"https:\/\/www.maresmefilmfestival.com\/es\/creative-rosebud-awards-2\/my-carpathian-grandpa\/","url":"https:\/\/www.maresmefilmfestival.com\/es\/creative-rosebud-awards-2\/my-carpathian-grandpa\/","name":"My Carpathian Grandpa - Calella Film Festival","isPartOf":{"@id":"https:\/\/www.maresmefilmfestival.com\/es\/#website"},"datePublished":"2024-10-10T11:35:22+00:00","dateModified":"2024-10-10T12:14:12+00:00","breadcrumb":{"@id":"https:\/\/www.maresmefilmfestival.com\/es\/creative-rosebud-awards-2\/my-carpathian-grandpa\/#breadcrumb"},"inLanguage":"es","potentialAction":[{"@type":"ReadAction","target":["https:\/\/www.maresmefilmfestival.com\/es\/creative-rosebud-awards-2\/my-carpathian-grandpa\/"]}]},{"@type":"BreadcrumbList","@id":"https:\/\/www.maresmefilmfestival.com\/es\/creative-rosebud-awards-2\/my-carpathian-grandpa\/#breadcrumb","itemListElement":[{"@type":"ListItem","position":1,"name":"Portada","item":"https:\/\/www.maresmefilmfestival.com\/es\/"},{"@type":"ListItem","position":2,"name":"Creative Rosebud Awards","item":"https:\/\/www.maresmefilmfestival.com\/es\/creative-rosebud-awards-2\/"},{"@type":"ListItem","position":3,"name":"My Carpathian Grandpa"}]},{"@type":"WebSite","@id":"https:\/\/www.maresmefilmfestival.com\/es\/#website","url":"https:\/\/www.maresmefilmfestival.com\/es\/","name":"Calella Film Festival","description":"Festival de Cinema","potentialAction":[{"@type":"SearchAction","target":{"@type":"EntryPoint","urlTemplate":"https:\/\/www.maresmefilmfestival.com\/es\/?s={search_term_string}"},"query-input":{"@type":"PropertyValueSpecification","valueRequired":true,"valueName":"search_term_string"}}],"inLanguage":"es"}]}},"_links":{"self":[{"href":"https:\/\/www.maresmefilmfestival.com\/es\/wp-json\/wp\/v2\/pages\/10598","targetHints":{"allow":["GET"]}}],"collection":[{"href":"https:\/\/www.maresmefilmfestival.com\/es\/wp-json\/wp\/v2\/pages"}],"about":[{"href":"https:\/\/www.maresmefilmfestival.com\/es\/wp-json\/wp\/v2\/types\/page"}],"author":[{"embeddable":true,"href":"https:\/\/www.maresmefilmfestival.com\/es\/wp-json\/wp\/v2\/users\/1"}],"replies":[{"embeddable":true,"href":"https:\/\/www.maresmefilmfestival.com\/es\/wp-json\/wp\/v2\/comments?post=10598"}],"version-history":[{"count":0,"href":"https:\/\/www.maresmefilmfestival.com\/es\/wp-json\/wp\/v2\/pages\/10598\/revisions"}],"up":[{"embeddable":true,"href":"https:\/\/www.maresmefilmfestival.com\/es\/wp-json\/wp\/v2\/pages\/10612"}],"wp:attachment":[{"href":"https:\/\/www.maresmefilmfestival.com\/es\/wp-json\/wp\/v2\/media?parent=10598"}],"curies":[{"name":"wp","href":"https:\/\/api.w.org\/{rel}","templated":true}]}}

<div class="wpb-content-wrapper"><p>[vc_row][vc_column width=»1/4&#8243;][vc_single_image image=»10425&#8243; img_size=»medium» css=»»][vc_column_text][/vc_column_text][/vc_column][vc_column width=»3/4&#8243;][vc_column_text css=»»]<strong>My Carpathian Grandpa</strong></p>
<p>El joven italiano Michele, que tiene raíces ucranianas, viaja a un pueblo abandonado de los Cárpatos para esparcir las cenizas de su madre. Allí vive su abuelo Michael, un antiguo payaso llamado “Buba”. La relación entre Michael y Michele está acompañada por una serie de extraños acontecimientos que convierten las situaciones serias en una tragicomedia y unen para siempre los destinos, antes divididos, del abuelo y el nieto.[/vc_column_text][/vc_column][/vc_row][vc_row][vc_column width=»1/2&#8243;][vc_column_text css=»»]</p>
<h3 style="text-align: justify;"><strong><span style="color: #d3ab1d;">Datos Generales</span></strong></h3>
<p class="p1"><strong>Títol original: </strong>My Carpathian Grandpa</p>
<p><strong>Any:</strong> 2024</p>
<p class="p1"><strong>Durada:</strong> 116 minuts</p>
<p class="p1"><b>Coproducció: </b>Ucraïna, Itàlia, República Txeca, Moldàvia</p>
<p class="p1"><strong>Direcció:</strong> Zaza Buadze</p>
<p><strong>Guió:</strong> Zaza Buadze, Grigoris Karantinakis</p>
<p><strong>Direcció de fotografia:</strong> Oleksandr Zemlianyi</p>
<p><strong>Repartiment:</strong> Bohdan Benyuk, Simone Costa</p>
<p><strong>Coproductors:</strong> Olga Kozarevska, Sergiu Paskaru</p>
<p><strong>Producció:</strong> InsightMedia Producer Center</p>
<p class="p1"><strong>Idioma: </strong>V.O.S.E</p>
<p>[/vc_column_text][/vc_column][vc_column width=»1/2&#8243;][vc_column_text css=»»]</p>
<h3 style="text-align: justify;"><strong><span style="color: #d3ab1d;">Género</span></strong></h3>
<p class="p1">Drama</p>
<h3><strong><span style="color: #d3ab1d;">Tráiler</span></strong></h3>
<p>[/vc_column_text][vc_video link=»https://youtu.be/rnrf_zXFVdU?si=wGJT6E_Gq_Niy-vD» css=»»][/vc_column][/vc_row]</p>
</div>

<p>[vc_row][vc_column width=»1/4&#8243;][vc_single_image image=»10425&#8243; img_size=»medium» css=»»][vc_column_text][/vc_column_text][/vc_column][vc_column width=»3/4&#8243;][vc_column_text css=»»]My Carpathian Grandpa El joven italiano Michele, que tiene raíces ucranianas, viaja a un pueblo abandonado de los Cárpatos para esparcir las cenizas de [&hellip;]</p>

<!-- This site is optimized with the Yoast SEO plugin v27.5 - https://yoast.com/product/yoast-seo-wordpress/ -->
<title>My Carpathian Grandpa - Calella Film Festival</title>
<meta name="robots" content="index, follow, max-snippet:-1, max-image-preview:large, max-video-preview:-1" />
<link rel="canonical" href="https://www.maresmefilmfestival.com/es/creative-rosebud-awards-2/my-carpathian-grandpa/" />
<meta property="og:locale" content="es_ES" />
<meta property="og:type" content="article" />
<meta property="og:title" content="My Carpathian Grandpa - Calella Film Festival" />
<meta property="og:description" content="[vc_row][vc_column width=»1/4&#8243;][vc_single_image image=»10425&#8243; img_size=»medium» css=»»][vc_column_text][/vc_column_text][/vc_column][vc_column width=»3/4&#8243;][vc_column_text css=»»]My Carpathian Grandpa El joven italiano Michele, que tiene raíces ucranianas, viaja a un pueblo abandonado de los Cárpatos para esparcir las cenizas de [&hellip;]" />
<meta property="og:url" content="https://www.maresmefilmfestival.com/es/creative-rosebud-awards-2/my-carpathian-grandpa/" />
<meta property="og:site_name" content="Calella Film Festival" />
<meta property="article:publisher" content="https://www.facebook.com/Festival-de-Cinema-de-Calella-536425489872034/?ref=hl" />
<meta property="article:modified_time" content="2024-10-10T12:14:12+00:00" />
<meta name="twitter:card" content="summary_large_image" />
<meta name="twitter:site" content="@CalellaFilmFest" />
<meta name="twitter:label1" content="Tiempo de lectura" />
	<meta name="twitter:data1" content="1 minuto" />
<script type="application/ld+json" class="yoast-schema-graph">{"@context":"https:\/\/schema.org","@graph":[{"@type":"WebPage","@id":"https:\/\/www.maresmefilmfestival.com\/es\/creative-rosebud-awards-2\/my-carpathian-grandpa\/","url":"https:\/\/www.maresmefilmfestival.com\/es\/creative-rosebud-awards-2\/my-carpathian-grandpa\/","name":"My Carpathian Grandpa - Calella Film Festival","isPartOf":{"@id":"https:\/\/www.maresmefilmfestival.com\/es\/#website"},"datePublished":"2024-10-10T11:35:22+00:00","dateModified":"2024-10-10T12:14:12+00:00","breadcrumb":{"@id":"https:\/\/www.maresmefilmfestival.com\/es\/creative-rosebud-awards-2\/my-carpathian-grandpa\/#breadcrumb"},"inLanguage":"es","potentialAction":[{"@type":"ReadAction","target":["https:\/\/www.maresmefilmfestival.com\/es\/creative-rosebud-awards-2\/my-carpathian-grandpa\/"]}]},{"@type":"BreadcrumbList","@id":"https:\/\/www.maresmefilmfestival.com\/es\/creative-rosebud-awards-2\/my-carpathian-grandpa\/#breadcrumb","itemListElement":[{"@type":"ListItem","position":1,"name":"Portada","item":"https:\/\/www.maresmefilmfestival.com\/es\/"},{"@type":"ListItem","position":2,"name":"Creative Rosebud Awards","item":"https:\/\/www.maresmefilmfestival.com\/es\/creative-rosebud-awards-2\/"},{"@type":"ListItem","position":3,"name":"My Carpathian Grandpa"}]},{"@type":"WebSite","@id":"https:\/\/www.maresmefilmfestival.com\/es\/#website","url":"https:\/\/www.maresmefilmfestival.com\/es\/","name":"Calella Film Festival","description":"Festival de Cinema","potentialAction":[{"@type":"SearchAction","target":{"@type":"EntryPoint","urlTemplate":"https:\/\/www.maresmefilmfestival.com\/es\/?s={search_term_string}"},"query-input":{"@type":"PropertyValueSpecification","valueRequired":true,"valueName":"search_term_string"}}],"inLanguage":"es"}]}</script>
<!-- / Yoast SEO plugin. -->

[vc_row][vc_column width=»1/4&#8243;][vc_single_image image=»10425&#8243; img_size=»medium» css=»»][vc_column_text][/vc_column_text][/vc_column][vc_column width=»3/4&#8243;][vc_column_text css=»»]My Carpathian Grandpa El joven italiano Michele, que tiene raíces ucranianas, viaja a un pueblo abandonado de los Cárpatos para esparcir las cenizas de [&hellip;]
