{"id":10595,"date":"2024-10-10T12:34:27","date_gmt":"2024-10-10T11:34:27","guid":{"rendered":"https:\/\/www.maresmefilmfestival.com\/lo-carga-el-diablo\/"},"modified":"2024-10-10T13:14:12","modified_gmt":"2024-10-10T12:14:12","slug":"lo-carga-el-diablo","status":"publish","type":"page","link":"https:\/\/www.maresmefilmfestival.com\/es\/creative-rosebud-awards-2\/lo-carga-el-diablo\/","title":{"rendered":"Lo Carga El Diablo"},"content":{"rendered":"<div class=\"wpb-content-wrapper\"><p>[vc_row][vc_column width=\u00bb1\/4&#8243;][vc_single_image image=\u00bb10422&#8243; img_size=\u00bbmedium\u00bb css=\u00bb\u00bb][vc_column_text][\/vc_column_text][\/vc_column][vc_column width=\u00bb3\/4&#8243;][vc_column_text css=\u00bb\u00bb]<strong>Lo carga el diablo<\/strong><\/p>\n<p>Trist\u00e1n es un escritor frustrado. Su vida rutinaria cambia cuando acepta transportar el cuerpo congelado de su problem\u00e1tico hermano Sim\u00f3n desde Asturias hasta Benidorm. Trist\u00e1n descubrir\u00e1 pronto que el pasado y los errores de su hermano lo persiguen. Sin embargo, \u00c1lex, una joven autoestopista, lo convencer\u00e1 de que este viaje es quiz\u00e1s su \u00faltima oportunidad para vivir una experiencia aut\u00e9ntica y dejar atr\u00e1s su conformismo.[\/vc_column_text][\/vc_column][\/vc_row][vc_row][vc_column width=\u00bb1\/2&#8243;][vc_column_text css=\u00bb\u00bb]<\/p>\n<h3 style=\"text-align: justify;\"><strong><span style=\"color: #d3ab1d;\">Datos Generales<\/span><\/strong><\/h3>\n<p class=\"p1\"><strong>T\u00edtol original: <\/strong>Lo carga el diablo<\/p>\n<p><strong>Any:<\/strong> 2024<\/p>\n<p class=\"p1\"><strong>Durada:<\/strong> 93 minuts<\/p>\n<p class=\"p1\"><b>Pa\u00eds de producci\u00f3: <\/b>Espanya<\/p>\n<p class=\"p1\"><strong>Direcci\u00f3:<\/strong> Guillermo Polo<\/p>\n<p><strong>Repartiment:<\/strong> Pablo Molinero, Mero Gonz\u00e1lez, Antonia San Juan, Isak F\u00e9rriz, Emilio Buale, Luifer Rodr\u00edguez, Itziar Castro<\/p>\n<p><strong>Productora:<\/strong> Los Hermanos Polo Film, Japonica Films, Volcano Films y Batiak Films<\/p>\n<p class=\"p1\"><strong>Idioma: <\/strong>V.O.E<\/p>\n<p>[\/vc_column_text][\/vc_column][vc_column width=\u00bb1\/2&#8243;][vc_column_text css=\u00bb\u00bb]<\/p>\n<h3 style=\"text-align: justify;\"><strong><span style=\"color: #d3ab1d;\">G\u00e9nero<\/span><\/strong><\/h3>\n<p class=\"p1\">Comedia negra<\/p>\n<h3><strong><span style=\"color: #d3ab1d;\">Tr\u00e1iler<\/span><\/strong><\/h3>\n<p>[\/vc_column_text][vc_video link=\u00bbhttps:\/\/youtu.be\/E1HILUipD-g?si=0SVt7rw8dXTZwvGo\u00bb css=\u00bb\u00bb][\/vc_column][\/vc_row]<\/p>\n<\/div>","protected":false},"excerpt":{"rendered":"<p>[vc_row][vc_column width=\u00bb1\/4&#8243;][vc_single_image image=\u00bb10422&#8243; img_size=\u00bbmedium\u00bb css=\u00bb\u00bb][vc_column_text][\/vc_column_text][\/vc_column][vc_column width=\u00bb3\/4&#8243;][vc_column_text css=\u00bb\u00bb]Lo carga el diablo Trist\u00e1n es un escritor frustrado. Su vida rutinaria cambia cuando acepta transportar el cuerpo congelado de su problem\u00e1tico hermano Sim\u00f3n [&hellip;]<\/p>\n","protected":false},"author":1,"featured_media":0,"parent":10612,"menu_order":0,"comment_status":"closed","ping_status":"closed","template":"","meta":{"footnotes":""},"class_list":["post-10595","page","type-page","status-publish","hentry"],"yoast_head":"<!-- This site is optimized with the Yoast SEO plugin v27.5 - https:\/\/yoast.com\/product\/yoast-seo-wordpress\/ -->\n<title>Lo Carga El Diablo - Calella Film Festival<\/title>\n<meta name=\"robots\" content=\"index, follow, max-snippet:-1, max-image-preview:large, max-video-preview:-1\" \/>\n<link rel=\"canonical\" href=\"https:\/\/www.maresmefilmfestival.com\/es\/creative-rosebud-awards-2\/lo-carga-el-diablo\/\" \/>\n<meta property=\"og:locale\" content=\"es_ES\" \/>\n<meta property=\"og:type\" content=\"article\" \/>\n<meta property=\"og:title\" content=\"Lo Carga El Diablo - Calella Film Festival\" \/>\n<meta property=\"og:description\" content=\"[vc_row][vc_column width=\u00bb1\/4&#8243;][vc_single_image image=\u00bb10422&#8243; img_size=\u00bbmedium\u00bb css=\u00bb\u00bb][vc_column_text][\/vc_column_text][\/vc_column][vc_column width=\u00bb3\/4&#8243;][vc_column_text css=\u00bb\u00bb]Lo carga el diablo Trist\u00e1n es un escritor frustrado. Su vida rutinaria cambia cuando acepta transportar el cuerpo congelado de su problem\u00e1tico hermano Sim\u00f3n [&hellip;]\" \/>\n<meta property=\"og:url\" content=\"https:\/\/www.maresmefilmfestival.com\/es\/creative-rosebud-awards-2\/lo-carga-el-diablo\/\" \/>\n<meta property=\"og:site_name\" content=\"Calella Film Festival\" \/>\n<meta property=\"article:publisher\" content=\"https:\/\/www.facebook.com\/Festival-de-Cinema-de-Calella-536425489872034\/?ref=hl\" \/>\n<meta property=\"article:modified_time\" content=\"2024-10-10T12:14:12+00:00\" \/>\n<meta name=\"twitter:card\" content=\"summary_large_image\" \/>\n<meta name=\"twitter:site\" content=\"@CalellaFilmFest\" \/>\n<meta name=\"twitter:label1\" content=\"Tiempo de lectura\" \/>\n\t<meta name=\"twitter:data1\" content=\"1 minuto\" \/>\n<script type=\"application\/ld+json\" class=\"yoast-schema-graph\">{\"@context\":\"https:\\\/\\\/schema.org\",\"@graph\":[{\"@type\":\"WebPage\",\"@id\":\"https:\\\/\\\/www.maresmefilmfestival.com\\\/es\\\/creative-rosebud-awards-2\\\/lo-carga-el-diablo\\\/\",\"url\":\"https:\\\/\\\/www.maresmefilmfestival.com\\\/es\\\/creative-rosebud-awards-2\\\/lo-carga-el-diablo\\\/\",\"name\":\"Lo Carga El Diablo - Calella Film Festival\",\"isPartOf\":{\"@id\":\"https:\\\/\\\/www.maresmefilmfestival.com\\\/es\\\/#website\"},\"datePublished\":\"2024-10-10T11:34:27+00:00\",\"dateModified\":\"2024-10-10T12:14:12+00:00\",\"breadcrumb\":{\"@id\":\"https:\\\/\\\/www.maresmefilmfestival.com\\\/es\\\/creative-rosebud-awards-2\\\/lo-carga-el-diablo\\\/#breadcrumb\"},\"inLanguage\":\"es\",\"potentialAction\":[{\"@type\":\"ReadAction\",\"target\":[\"https:\\\/\\\/www.maresmefilmfestival.com\\\/es\\\/creative-rosebud-awards-2\\\/lo-carga-el-diablo\\\/\"]}]},{\"@type\":\"BreadcrumbList\",\"@id\":\"https:\\\/\\\/www.maresmefilmfestival.com\\\/es\\\/creative-rosebud-awards-2\\\/lo-carga-el-diablo\\\/#breadcrumb\",\"itemListElement\":[{\"@type\":\"ListItem\",\"position\":1,\"name\":\"Portada\",\"item\":\"https:\\\/\\\/www.maresmefilmfestival.com\\\/es\\\/\"},{\"@type\":\"ListItem\",\"position\":2,\"name\":\"Creative Rosebud Awards\",\"item\":\"https:\\\/\\\/www.maresmefilmfestival.com\\\/es\\\/creative-rosebud-awards-2\\\/\"},{\"@type\":\"ListItem\",\"position\":3,\"name\":\"Lo Carga El Diablo\"}]},{\"@type\":\"WebSite\",\"@id\":\"https:\\\/\\\/www.maresmefilmfestival.com\\\/es\\\/#website\",\"url\":\"https:\\\/\\\/www.maresmefilmfestival.com\\\/es\\\/\",\"name\":\"Calella Film Festival\",\"description\":\"Festival de Cinema\",\"potentialAction\":[{\"@type\":\"SearchAction\",\"target\":{\"@type\":\"EntryPoint\",\"urlTemplate\":\"https:\\\/\\\/www.maresmefilmfestival.com\\\/es\\\/?s={search_term_string}\"},\"query-input\":{\"@type\":\"PropertyValueSpecification\",\"valueRequired\":true,\"valueName\":\"search_term_string\"}}],\"inLanguage\":\"es\"}]}<\/script>\n<!-- \/ Yoast SEO plugin. -->","yoast_head_json":{"title":"Lo Carga El Diablo - Calella Film Festival","robots":{"index":"index","follow":"follow","max-snippet":"max-snippet:-1","max-image-preview":"max-image-preview:large","max-video-preview":"max-video-preview:-1"},"canonical":"https:\/\/www.maresmefilmfestival.com\/es\/creative-rosebud-awards-2\/lo-carga-el-diablo\/","og_locale":"es_ES","og_type":"article","og_title":"Lo Carga El Diablo - Calella Film Festival","og_description":"[vc_row][vc_column width=\u00bb1\/4&#8243;][vc_single_image image=\u00bb10422&#8243; img_size=\u00bbmedium\u00bb css=\u00bb\u00bb][vc_column_text][\/vc_column_text][\/vc_column][vc_column width=\u00bb3\/4&#8243;][vc_column_text css=\u00bb\u00bb]Lo carga el diablo Trist\u00e1n es un escritor frustrado. Su vida rutinaria cambia cuando acepta transportar el cuerpo congelado de su problem\u00e1tico hermano Sim\u00f3n [&hellip;]","og_url":"https:\/\/www.maresmefilmfestival.com\/es\/creative-rosebud-awards-2\/lo-carga-el-diablo\/","og_site_name":"Calella Film Festival","article_publisher":"https:\/\/www.facebook.com\/Festival-de-Cinema-de-Calella-536425489872034\/?ref=hl","article_modified_time":"2024-10-10T12:14:12+00:00","twitter_card":"summary_large_image","twitter_site":"@CalellaFilmFest","twitter_misc":{"Tiempo de lectura":"1 minuto"},"schema":{"@context":"https:\/\/schema.org","@graph":[{"@type":"WebPage","@id":"https:\/\/www.maresmefilmfestival.com\/es\/creative-rosebud-awards-2\/lo-carga-el-diablo\/","url":"https:\/\/www.maresmefilmfestival.com\/es\/creative-rosebud-awards-2\/lo-carga-el-diablo\/","name":"Lo Carga El Diablo - Calella Film Festival","isPartOf":{"@id":"https:\/\/www.maresmefilmfestival.com\/es\/#website"},"datePublished":"2024-10-10T11:34:27+00:00","dateModified":"2024-10-10T12:14:12+00:00","breadcrumb":{"@id":"https:\/\/www.maresmefilmfestival.com\/es\/creative-rosebud-awards-2\/lo-carga-el-diablo\/#breadcrumb"},"inLanguage":"es","potentialAction":[{"@type":"ReadAction","target":["https:\/\/www.maresmefilmfestival.com\/es\/creative-rosebud-awards-2\/lo-carga-el-diablo\/"]}]},{"@type":"BreadcrumbList","@id":"https:\/\/www.maresmefilmfestival.com\/es\/creative-rosebud-awards-2\/lo-carga-el-diablo\/#breadcrumb","itemListElement":[{"@type":"ListItem","position":1,"name":"Portada","item":"https:\/\/www.maresmefilmfestival.com\/es\/"},{"@type":"ListItem","position":2,"name":"Creative Rosebud Awards","item":"https:\/\/www.maresmefilmfestival.com\/es\/creative-rosebud-awards-2\/"},{"@type":"ListItem","position":3,"name":"Lo Carga El Diablo"}]},{"@type":"WebSite","@id":"https:\/\/www.maresmefilmfestival.com\/es\/#website","url":"https:\/\/www.maresmefilmfestival.com\/es\/","name":"Calella Film Festival","description":"Festival de Cinema","potentialAction":[{"@type":"SearchAction","target":{"@type":"EntryPoint","urlTemplate":"https:\/\/www.maresmefilmfestival.com\/es\/?s={search_term_string}"},"query-input":{"@type":"PropertyValueSpecification","valueRequired":true,"valueName":"search_term_string"}}],"inLanguage":"es"}]}},"_links":{"self":[{"href":"https:\/\/www.maresmefilmfestival.com\/es\/wp-json\/wp\/v2\/pages\/10595","targetHints":{"allow":["GET"]}}],"collection":[{"href":"https:\/\/www.maresmefilmfestival.com\/es\/wp-json\/wp\/v2\/pages"}],"about":[{"href":"https:\/\/www.maresmefilmfestival.com\/es\/wp-json\/wp\/v2\/types\/page"}],"author":[{"embeddable":true,"href":"https:\/\/www.maresmefilmfestival.com\/es\/wp-json\/wp\/v2\/users\/1"}],"replies":[{"embeddable":true,"href":"https:\/\/www.maresmefilmfestival.com\/es\/wp-json\/wp\/v2\/comments?post=10595"}],"version-history":[{"count":0,"href":"https:\/\/www.maresmefilmfestival.com\/es\/wp-json\/wp\/v2\/pages\/10595\/revisions"}],"up":[{"embeddable":true,"href":"https:\/\/www.maresmefilmfestival.com\/es\/wp-json\/wp\/v2\/pages\/10612"}],"wp:attachment":[{"href":"https:\/\/www.maresmefilmfestival.com\/es\/wp-json\/wp\/v2\/media?parent=10595"}],"curies":[{"name":"wp","href":"https:\/\/api.w.org\/{rel}","templated":true}]}}

<div class="wpb-content-wrapper"><p>[vc_row][vc_column width=»1/4&#8243;][vc_single_image image=»10422&#8243; img_size=»medium» css=»»][vc_column_text][/vc_column_text][/vc_column][vc_column width=»3/4&#8243;][vc_column_text css=»»]<strong>Lo carga el diablo</strong></p>
<p>Tristán es un escritor frustrado. Su vida rutinaria cambia cuando acepta transportar el cuerpo congelado de su problemático hermano Simón desde Asturias hasta Benidorm. Tristán descubrirá pronto que el pasado y los errores de su hermano lo persiguen. Sin embargo, Álex, una joven autoestopista, lo convencerá de que este viaje es quizás su última oportunidad para vivir una experiencia auténtica y dejar atrás su conformismo.[/vc_column_text][/vc_column][/vc_row][vc_row][vc_column width=»1/2&#8243;][vc_column_text css=»»]</p>
<h3 style="text-align: justify;"><strong><span style="color: #d3ab1d;">Datos Generales</span></strong></h3>
<p class="p1"><strong>Títol original: </strong>Lo carga el diablo</p>
<p><strong>Any:</strong> 2024</p>
<p class="p1"><strong>Durada:</strong> 93 minuts</p>
<p class="p1"><b>País de producció: </b>Espanya</p>
<p class="p1"><strong>Direcció:</strong> Guillermo Polo</p>
<p><strong>Repartiment:</strong> Pablo Molinero, Mero González, Antonia San Juan, Isak Férriz, Emilio Buale, Luifer Rodríguez, Itziar Castro</p>
<p><strong>Productora:</strong> Los Hermanos Polo Film, Japonica Films, Volcano Films y Batiak Films</p>
<p class="p1"><strong>Idioma: </strong>V.O.E</p>
<p>[/vc_column_text][/vc_column][vc_column width=»1/2&#8243;][vc_column_text css=»»]</p>
<h3 style="text-align: justify;"><strong><span style="color: #d3ab1d;">Género</span></strong></h3>
<p class="p1">Comedia negra</p>
<h3><strong><span style="color: #d3ab1d;">Tráiler</span></strong></h3>
<p>[/vc_column_text][vc_video link=»https://youtu.be/E1HILUipD-g?si=0SVt7rw8dXTZwvGo» css=»»][/vc_column][/vc_row]</p>
</div>

<p>[vc_row][vc_column width=»1/4&#8243;][vc_single_image image=»10422&#8243; img_size=»medium» css=»»][vc_column_text][/vc_column_text][/vc_column][vc_column width=»3/4&#8243;][vc_column_text css=»»]Lo carga el diablo Tristán es un escritor frustrado. Su vida rutinaria cambia cuando acepta transportar el cuerpo congelado de su problemático hermano Simón [&hellip;]</p>

<!-- This site is optimized with the Yoast SEO plugin v27.5 - https://yoast.com/product/yoast-seo-wordpress/ -->
<title>Lo Carga El Diablo - Calella Film Festival</title>
<meta name="robots" content="index, follow, max-snippet:-1, max-image-preview:large, max-video-preview:-1" />
<link rel="canonical" href="https://www.maresmefilmfestival.com/es/creative-rosebud-awards-2/lo-carga-el-diablo/" />
<meta property="og:locale" content="es_ES" />
<meta property="og:type" content="article" />
<meta property="og:title" content="Lo Carga El Diablo - Calella Film Festival" />
<meta property="og:description" content="[vc_row][vc_column width=»1/4&#8243;][vc_single_image image=»10422&#8243; img_size=»medium» css=»»][vc_column_text][/vc_column_text][/vc_column][vc_column width=»3/4&#8243;][vc_column_text css=»»]Lo carga el diablo Tristán es un escritor frustrado. Su vida rutinaria cambia cuando acepta transportar el cuerpo congelado de su problemático hermano Simón [&hellip;]" />
<meta property="og:url" content="https://www.maresmefilmfestival.com/es/creative-rosebud-awards-2/lo-carga-el-diablo/" />
<meta property="og:site_name" content="Calella Film Festival" />
<meta property="article:publisher" content="https://www.facebook.com/Festival-de-Cinema-de-Calella-536425489872034/?ref=hl" />
<meta property="article:modified_time" content="2024-10-10T12:14:12+00:00" />
<meta name="twitter:card" content="summary_large_image" />
<meta name="twitter:site" content="@CalellaFilmFest" />
<meta name="twitter:label1" content="Tiempo de lectura" />
	<meta name="twitter:data1" content="1 minuto" />
<script type="application/ld+json" class="yoast-schema-graph">{"@context":"https:\/\/schema.org","@graph":[{"@type":"WebPage","@id":"https:\/\/www.maresmefilmfestival.com\/es\/creative-rosebud-awards-2\/lo-carga-el-diablo\/","url":"https:\/\/www.maresmefilmfestival.com\/es\/creative-rosebud-awards-2\/lo-carga-el-diablo\/","name":"Lo Carga El Diablo - Calella Film Festival","isPartOf":{"@id":"https:\/\/www.maresmefilmfestival.com\/es\/#website"},"datePublished":"2024-10-10T11:34:27+00:00","dateModified":"2024-10-10T12:14:12+00:00","breadcrumb":{"@id":"https:\/\/www.maresmefilmfestival.com\/es\/creative-rosebud-awards-2\/lo-carga-el-diablo\/#breadcrumb"},"inLanguage":"es","potentialAction":[{"@type":"ReadAction","target":["https:\/\/www.maresmefilmfestival.com\/es\/creative-rosebud-awards-2\/lo-carga-el-diablo\/"]}]},{"@type":"BreadcrumbList","@id":"https:\/\/www.maresmefilmfestival.com\/es\/creative-rosebud-awards-2\/lo-carga-el-diablo\/#breadcrumb","itemListElement":[{"@type":"ListItem","position":1,"name":"Portada","item":"https:\/\/www.maresmefilmfestival.com\/es\/"},{"@type":"ListItem","position":2,"name":"Creative Rosebud Awards","item":"https:\/\/www.maresmefilmfestival.com\/es\/creative-rosebud-awards-2\/"},{"@type":"ListItem","position":3,"name":"Lo Carga El Diablo"}]},{"@type":"WebSite","@id":"https:\/\/www.maresmefilmfestival.com\/es\/#website","url":"https:\/\/www.maresmefilmfestival.com\/es\/","name":"Calella Film Festival","description":"Festival de Cinema","potentialAction":[{"@type":"SearchAction","target":{"@type":"EntryPoint","urlTemplate":"https:\/\/www.maresmefilmfestival.com\/es\/?s={search_term_string}"},"query-input":{"@type":"PropertyValueSpecification","valueRequired":true,"valueName":"search_term_string"}}],"inLanguage":"es"}]}</script>
<!-- / Yoast SEO plugin. -->

[vc_row][vc_column width=»1/4&#8243;][vc_single_image image=»10422&#8243; img_size=»medium» css=»»][vc_column_text][/vc_column_text][/vc_column][vc_column width=»3/4&#8243;][vc_column_text css=»»]Lo carga el diablo Tristán es un escritor frustrado. Su vida rutinaria cambia cuando acepta transportar el cuerpo congelado de su problemático hermano Simón [&hellip;]
