{"id":10592,"date":"2024-10-10T12:33:24","date_gmt":"2024-10-10T11:33:24","guid":{"rendered":"https:\/\/www.maresmefilmfestival.com\/la-casa\/"},"modified":"2024-10-10T13:26:14","modified_gmt":"2024-10-10T12:26:14","slug":"la-casa","status":"publish","type":"page","link":"https:\/\/www.maresmefilmfestival.com\/es\/creative-rosebud-awards-2\/la-casa\/","title":{"rendered":"La casa"},"content":{"rendered":"<div class=\"wpb-content-wrapper\"><p>[vc_row][vc_column width=\u00bb1\/4&#8243;][vc_single_image image=\u00bb10419&#8243; img_size=\u00bbmedium\u00bb css=\u00bb\u00bb][vc_column_text][\/vc_column_text][\/vc_column][vc_column width=\u00bb3\/4&#8243;][vc_column_text css=\u00bb\u00bb]<strong>La casa<\/strong><\/p>\n<p>Despu\u00e9s de la muerte de su padre, tres hermanos se re\u00fanen en la casa familiar donde pasaron los veranos de su infancia. Deben decidir qu\u00e9 hacer con la vivienda, algo que resultar\u00e1 m\u00e1s dif\u00edcil de lo que esperaban. Con un tono agridulce salpicado de humor, <em>La casa<\/em> nos habla sobre la familia, la herencia y el inexorable paso del tiempo, todo bajo la mirada de la casa como testigo.<br \/>\nGanadora de 6 premios en el Festival de M\u00e1laga, incluyendo el Premio del P\u00fablico, Mejor Guion y Mejor M\u00fasica. Una pel\u00edcula de \u00c1lex Montoya (<em>Lucas<\/em>), basada en la novela gr\u00e1fica hom\u00f3nima de Paco Roca, ganadora de un Premio Eisner. Una pel\u00edcula sobre la familia, la herencia y el inexorable paso del tiempo. Con un reparto coral encabezado por el ganador del Goya David Verdaguer (<em>Uno para todos<\/em>) y Luis Callejo (<em>Intemperie<\/em>)[\/vc_column_text][\/vc_column][\/vc_row][vc_row][vc_column width=\u00bb1\/2&#8243;][vc_column_text css=\u00bb\u00bb]<\/p>\n<h3 style=\"text-align: justify;\"><strong><span style=\"color: #d3ab1d;\">Datos Generales<\/span><\/strong><\/h3>\n<p class=\"p1\"><strong>T\u00edtulo origina: <\/strong>La casa<\/p>\n<p><strong>A\u00f1o:<\/strong> 2024<\/p>\n<p class=\"p1\"><strong>Duraci\u00f3n:<\/strong> 83 minutos<\/p>\n<p class=\"p1\"><b>Pa\u00eds de producci\u00f3n: <\/b>Espa\u00f1a<\/p>\n<p class=\"p1\"><strong>Direcci\u00f3n:<\/strong> \u00c1lex Montoya<\/p>\n<p class=\"p1\"><strong>Gui\u00f3n: <\/strong>Joana M. Ortueta,\u00c1lex Montoya<\/p>\n<p><strong>Reparto:<\/strong> David Verdaguer,Luis Callejo,Olivia Molina,Marta Belenguer,\u00d3scar de la Fuente,Lorena L\u00f3pez,Mar\u00eda Romanillos<\/p>\n<p class=\"p1\"><strong>Idioma: <\/strong>V.O.E<\/p>\n<p>[\/vc_column_text][\/vc_column][vc_column width=\u00bb1\/2&#8243;][vc_column_text css=\u00bb\u00bb]<\/p>\n<h3 style=\"text-align: justify;\"><strong><span style=\"color: #d3ab1d;\">G\u00e9nero<\/span><\/strong><\/h3>\n<p class=\"p1\">Comedia,Drama<\/p>\n<h3><strong><span style=\"color: #d3ab1d;\">Tr\u00e1iler<\/span><\/strong><\/h3>\n<p>[\/vc_column_text][vc_video link=\u00bbhttps:\/\/youtu.be\/fLn3bPeu6ro?si=iY0t8qb2SE4Ywtg8&#8243; css=\u00bb\u00bb][\/vc_column][\/vc_row]<\/p>\n<\/div>","protected":false},"excerpt":{"rendered":"<p>[vc_row][vc_column width=\u00bb1\/4&#8243;][vc_single_image image=\u00bb10419&#8243; img_size=\u00bbmedium\u00bb css=\u00bb\u00bb][vc_column_text][\/vc_column_text][\/vc_column][vc_column width=\u00bb3\/4&#8243;][vc_column_text css=\u00bb\u00bb]La casa Despu\u00e9s de la muerte de su padre, tres hermanos se re\u00fanen en la casa familiar donde pasaron los veranos de su infancia. [&hellip;]<\/p>\n","protected":false},"author":1,"featured_media":0,"parent":10612,"menu_order":0,"comment_status":"closed","ping_status":"closed","template":"","meta":{"footnotes":""},"class_list":["post-10592","page","type-page","status-publish","hentry"],"yoast_head":"<!-- This site is optimized with the Yoast SEO plugin v27.5 - https:\/\/yoast.com\/product\/yoast-seo-wordpress\/ -->\n<title>La casa - Calella Film Festival<\/title>\n<meta name=\"robots\" content=\"index, follow, max-snippet:-1, max-image-preview:large, max-video-preview:-1\" \/>\n<link rel=\"canonical\" href=\"https:\/\/www.maresmefilmfestival.com\/es\/creative-rosebud-awards-2\/la-casa\/\" \/>\n<meta property=\"og:locale\" content=\"es_ES\" \/>\n<meta property=\"og:type\" content=\"article\" \/>\n<meta property=\"og:title\" content=\"La casa - Calella Film Festival\" \/>\n<meta property=\"og:description\" content=\"[vc_row][vc_column width=\u00bb1\/4&#8243;][vc_single_image image=\u00bb10419&#8243; img_size=\u00bbmedium\u00bb css=\u00bb\u00bb][vc_column_text][\/vc_column_text][\/vc_column][vc_column width=\u00bb3\/4&#8243;][vc_column_text css=\u00bb\u00bb]La casa Despu\u00e9s de la muerte de su padre, tres hermanos se re\u00fanen en la casa familiar donde pasaron los veranos de su infancia. [&hellip;]\" \/>\n<meta property=\"og:url\" content=\"https:\/\/www.maresmefilmfestival.com\/es\/creative-rosebud-awards-2\/la-casa\/\" \/>\n<meta property=\"og:site_name\" content=\"Calella Film Festival\" \/>\n<meta property=\"article:publisher\" content=\"https:\/\/www.facebook.com\/Festival-de-Cinema-de-Calella-536425489872034\/?ref=hl\" \/>\n<meta property=\"article:modified_time\" content=\"2024-10-10T12:26:14+00:00\" \/>\n<meta name=\"twitter:card\" content=\"summary_large_image\" \/>\n<meta name=\"twitter:site\" content=\"@CalellaFilmFest\" \/>\n<meta name=\"twitter:label1\" content=\"Tiempo de lectura\" \/>\n\t<meta name=\"twitter:data1\" content=\"2 minutos\" \/>\n<script type=\"application\/ld+json\" class=\"yoast-schema-graph\">{\"@context\":\"https:\\\/\\\/schema.org\",\"@graph\":[{\"@type\":\"WebPage\",\"@id\":\"https:\\\/\\\/www.maresmefilmfestival.com\\\/es\\\/creative-rosebud-awards-2\\\/la-casa\\\/\",\"url\":\"https:\\\/\\\/www.maresmefilmfestival.com\\\/es\\\/creative-rosebud-awards-2\\\/la-casa\\\/\",\"name\":\"La casa - Calella Film Festival\",\"isPartOf\":{\"@id\":\"https:\\\/\\\/www.maresmefilmfestival.com\\\/es\\\/#website\"},\"datePublished\":\"2024-10-10T11:33:24+00:00\",\"dateModified\":\"2024-10-10T12:26:14+00:00\",\"breadcrumb\":{\"@id\":\"https:\\\/\\\/www.maresmefilmfestival.com\\\/es\\\/creative-rosebud-awards-2\\\/la-casa\\\/#breadcrumb\"},\"inLanguage\":\"es\",\"potentialAction\":[{\"@type\":\"ReadAction\",\"target\":[\"https:\\\/\\\/www.maresmefilmfestival.com\\\/es\\\/creative-rosebud-awards-2\\\/la-casa\\\/\"]}]},{\"@type\":\"BreadcrumbList\",\"@id\":\"https:\\\/\\\/www.maresmefilmfestival.com\\\/es\\\/creative-rosebud-awards-2\\\/la-casa\\\/#breadcrumb\",\"itemListElement\":[{\"@type\":\"ListItem\",\"position\":1,\"name\":\"Portada\",\"item\":\"https:\\\/\\\/www.maresmefilmfestival.com\\\/es\\\/\"},{\"@type\":\"ListItem\",\"position\":2,\"name\":\"Creative Rosebud Awards\",\"item\":\"https:\\\/\\\/www.maresmefilmfestival.com\\\/es\\\/creative-rosebud-awards-2\\\/\"},{\"@type\":\"ListItem\",\"position\":3,\"name\":\"La casa\"}]},{\"@type\":\"WebSite\",\"@id\":\"https:\\\/\\\/www.maresmefilmfestival.com\\\/es\\\/#website\",\"url\":\"https:\\\/\\\/www.maresmefilmfestival.com\\\/es\\\/\",\"name\":\"Calella Film Festival\",\"description\":\"Festival de Cinema\",\"potentialAction\":[{\"@type\":\"SearchAction\",\"target\":{\"@type\":\"EntryPoint\",\"urlTemplate\":\"https:\\\/\\\/www.maresmefilmfestival.com\\\/es\\\/?s={search_term_string}\"},\"query-input\":{\"@type\":\"PropertyValueSpecification\",\"valueRequired\":true,\"valueName\":\"search_term_string\"}}],\"inLanguage\":\"es\"}]}<\/script>\n<!-- \/ Yoast SEO plugin. -->","yoast_head_json":{"title":"La casa - Calella Film Festival","robots":{"index":"index","follow":"follow","max-snippet":"max-snippet:-1","max-image-preview":"max-image-preview:large","max-video-preview":"max-video-preview:-1"},"canonical":"https:\/\/www.maresmefilmfestival.com\/es\/creative-rosebud-awards-2\/la-casa\/","og_locale":"es_ES","og_type":"article","og_title":"La casa - Calella Film Festival","og_description":"[vc_row][vc_column width=\u00bb1\/4&#8243;][vc_single_image image=\u00bb10419&#8243; img_size=\u00bbmedium\u00bb css=\u00bb\u00bb][vc_column_text][\/vc_column_text][\/vc_column][vc_column width=\u00bb3\/4&#8243;][vc_column_text css=\u00bb\u00bb]La casa Despu\u00e9s de la muerte de su padre, tres hermanos se re\u00fanen en la casa familiar donde pasaron los veranos de su infancia. [&hellip;]","og_url":"https:\/\/www.maresmefilmfestival.com\/es\/creative-rosebud-awards-2\/la-casa\/","og_site_name":"Calella Film Festival","article_publisher":"https:\/\/www.facebook.com\/Festival-de-Cinema-de-Calella-536425489872034\/?ref=hl","article_modified_time":"2024-10-10T12:26:14+00:00","twitter_card":"summary_large_image","twitter_site":"@CalellaFilmFest","twitter_misc":{"Tiempo de lectura":"2 minutos"},"schema":{"@context":"https:\/\/schema.org","@graph":[{"@type":"WebPage","@id":"https:\/\/www.maresmefilmfestival.com\/es\/creative-rosebud-awards-2\/la-casa\/","url":"https:\/\/www.maresmefilmfestival.com\/es\/creative-rosebud-awards-2\/la-casa\/","name":"La casa - Calella Film Festival","isPartOf":{"@id":"https:\/\/www.maresmefilmfestival.com\/es\/#website"},"datePublished":"2024-10-10T11:33:24+00:00","dateModified":"2024-10-10T12:26:14+00:00","breadcrumb":{"@id":"https:\/\/www.maresmefilmfestival.com\/es\/creative-rosebud-awards-2\/la-casa\/#breadcrumb"},"inLanguage":"es","potentialAction":[{"@type":"ReadAction","target":["https:\/\/www.maresmefilmfestival.com\/es\/creative-rosebud-awards-2\/la-casa\/"]}]},{"@type":"BreadcrumbList","@id":"https:\/\/www.maresmefilmfestival.com\/es\/creative-rosebud-awards-2\/la-casa\/#breadcrumb","itemListElement":[{"@type":"ListItem","position":1,"name":"Portada","item":"https:\/\/www.maresmefilmfestival.com\/es\/"},{"@type":"ListItem","position":2,"name":"Creative Rosebud Awards","item":"https:\/\/www.maresmefilmfestival.com\/es\/creative-rosebud-awards-2\/"},{"@type":"ListItem","position":3,"name":"La casa"}]},{"@type":"WebSite","@id":"https:\/\/www.maresmefilmfestival.com\/es\/#website","url":"https:\/\/www.maresmefilmfestival.com\/es\/","name":"Calella Film Festival","description":"Festival de Cinema","potentialAction":[{"@type":"SearchAction","target":{"@type":"EntryPoint","urlTemplate":"https:\/\/www.maresmefilmfestival.com\/es\/?s={search_term_string}"},"query-input":{"@type":"PropertyValueSpecification","valueRequired":true,"valueName":"search_term_string"}}],"inLanguage":"es"}]}},"_links":{"self":[{"href":"https:\/\/www.maresmefilmfestival.com\/es\/wp-json\/wp\/v2\/pages\/10592","targetHints":{"allow":["GET"]}}],"collection":[{"href":"https:\/\/www.maresmefilmfestival.com\/es\/wp-json\/wp\/v2\/pages"}],"about":[{"href":"https:\/\/www.maresmefilmfestival.com\/es\/wp-json\/wp\/v2\/types\/page"}],"author":[{"embeddable":true,"href":"https:\/\/www.maresmefilmfestival.com\/es\/wp-json\/wp\/v2\/users\/1"}],"replies":[{"embeddable":true,"href":"https:\/\/www.maresmefilmfestival.com\/es\/wp-json\/wp\/v2\/comments?post=10592"}],"version-history":[{"count":0,"href":"https:\/\/www.maresmefilmfestival.com\/es\/wp-json\/wp\/v2\/pages\/10592\/revisions"}],"up":[{"embeddable":true,"href":"https:\/\/www.maresmefilmfestival.com\/es\/wp-json\/wp\/v2\/pages\/10612"}],"wp:attachment":[{"href":"https:\/\/www.maresmefilmfestival.com\/es\/wp-json\/wp\/v2\/media?parent=10592"}],"curies":[{"name":"wp","href":"https:\/\/api.w.org\/{rel}","templated":true}]}}

<div class="wpb-content-wrapper"><p>[vc_row][vc_column width=»1/4&#8243;][vc_single_image image=»10419&#8243; img_size=»medium» css=»»][vc_column_text][/vc_column_text][/vc_column][vc_column width=»3/4&#8243;][vc_column_text css=»»]<strong>La casa</strong></p>
<p>Después de la muerte de su padre, tres hermanos se reúnen en la casa familiar donde pasaron los veranos de su infancia. Deben decidir qué hacer con la vivienda, algo que resultará más difícil de lo que esperaban. Con un tono agridulce salpicado de humor, <em>La casa</em> nos habla sobre la familia, la herencia y el inexorable paso del tiempo, todo bajo la mirada de la casa como testigo.<br />
Ganadora de 6 premios en el Festival de Málaga, incluyendo el Premio del Público, Mejor Guion y Mejor Música. Una película de Álex Montoya (<em>Lucas</em>), basada en la novela gráfica homónima de Paco Roca, ganadora de un Premio Eisner. Una película sobre la familia, la herencia y el inexorable paso del tiempo. Con un reparto coral encabezado por el ganador del Goya David Verdaguer (<em>Uno para todos</em>) y Luis Callejo (<em>Intemperie</em>)[/vc_column_text][/vc_column][/vc_row][vc_row][vc_column width=»1/2&#8243;][vc_column_text css=»»]</p>
<h3 style="text-align: justify;"><strong><span style="color: #d3ab1d;">Datos Generales</span></strong></h3>
<p class="p1"><strong>Título origina: </strong>La casa</p>
<p><strong>Año:</strong> 2024</p>
<p class="p1"><strong>Duración:</strong> 83 minutos</p>
<p class="p1"><b>País de producción: </b>España</p>
<p class="p1"><strong>Dirección:</strong> Álex Montoya</p>
<p class="p1"><strong>Guión: </strong>Joana M. Ortueta,Álex Montoya</p>
<p><strong>Reparto:</strong> David Verdaguer,Luis Callejo,Olivia Molina,Marta Belenguer,Óscar de la Fuente,Lorena López,María Romanillos</p>
<p class="p1"><strong>Idioma: </strong>V.O.E</p>
<p>[/vc_column_text][/vc_column][vc_column width=»1/2&#8243;][vc_column_text css=»»]</p>
<h3 style="text-align: justify;"><strong><span style="color: #d3ab1d;">Género</span></strong></h3>
<p class="p1">Comedia,Drama</p>
<h3><strong><span style="color: #d3ab1d;">Tráiler</span></strong></h3>
<p>[/vc_column_text][vc_video link=»https://youtu.be/fLn3bPeu6ro?si=iY0t8qb2SE4Ywtg8&#8243; css=»»][/vc_column][/vc_row]</p>
</div>

<p>[vc_row][vc_column width=»1/4&#8243;][vc_single_image image=»10419&#8243; img_size=»medium» css=»»][vc_column_text][/vc_column_text][/vc_column][vc_column width=»3/4&#8243;][vc_column_text css=»»]La casa Después de la muerte de su padre, tres hermanos se reúnen en la casa familiar donde pasaron los veranos de su infancia. [&hellip;]</p>

<!-- This site is optimized with the Yoast SEO plugin v27.5 - https://yoast.com/product/yoast-seo-wordpress/ -->
<title>La casa - Calella Film Festival</title>
<meta name="robots" content="index, follow, max-snippet:-1, max-image-preview:large, max-video-preview:-1" />
<link rel="canonical" href="https://www.maresmefilmfestival.com/es/creative-rosebud-awards-2/la-casa/" />
<meta property="og:locale" content="es_ES" />
<meta property="og:type" content="article" />
<meta property="og:title" content="La casa - Calella Film Festival" />
<meta property="og:description" content="[vc_row][vc_column width=»1/4&#8243;][vc_single_image image=»10419&#8243; img_size=»medium» css=»»][vc_column_text][/vc_column_text][/vc_column][vc_column width=»3/4&#8243;][vc_column_text css=»»]La casa Después de la muerte de su padre, tres hermanos se reúnen en la casa familiar donde pasaron los veranos de su infancia. [&hellip;]" />
<meta property="og:url" content="https://www.maresmefilmfestival.com/es/creative-rosebud-awards-2/la-casa/" />
<meta property="og:site_name" content="Calella Film Festival" />
<meta property="article:publisher" content="https://www.facebook.com/Festival-de-Cinema-de-Calella-536425489872034/?ref=hl" />
<meta property="article:modified_time" content="2024-10-10T12:26:14+00:00" />
<meta name="twitter:card" content="summary_large_image" />
<meta name="twitter:site" content="@CalellaFilmFest" />
<meta name="twitter:label1" content="Tiempo de lectura" />
	<meta name="twitter:data1" content="2 minutos" />
<script type="application/ld+json" class="yoast-schema-graph">{"@context":"https:\/\/schema.org","@graph":[{"@type":"WebPage","@id":"https:\/\/www.maresmefilmfestival.com\/es\/creative-rosebud-awards-2\/la-casa\/","url":"https:\/\/www.maresmefilmfestival.com\/es\/creative-rosebud-awards-2\/la-casa\/","name":"La casa - Calella Film Festival","isPartOf":{"@id":"https:\/\/www.maresmefilmfestival.com\/es\/#website"},"datePublished":"2024-10-10T11:33:24+00:00","dateModified":"2024-10-10T12:26:14+00:00","breadcrumb":{"@id":"https:\/\/www.maresmefilmfestival.com\/es\/creative-rosebud-awards-2\/la-casa\/#breadcrumb"},"inLanguage":"es","potentialAction":[{"@type":"ReadAction","target":["https:\/\/www.maresmefilmfestival.com\/es\/creative-rosebud-awards-2\/la-casa\/"]}]},{"@type":"BreadcrumbList","@id":"https:\/\/www.maresmefilmfestival.com\/es\/creative-rosebud-awards-2\/la-casa\/#breadcrumb","itemListElement":[{"@type":"ListItem","position":1,"name":"Portada","item":"https:\/\/www.maresmefilmfestival.com\/es\/"},{"@type":"ListItem","position":2,"name":"Creative Rosebud Awards","item":"https:\/\/www.maresmefilmfestival.com\/es\/creative-rosebud-awards-2\/"},{"@type":"ListItem","position":3,"name":"La casa"}]},{"@type":"WebSite","@id":"https:\/\/www.maresmefilmfestival.com\/es\/#website","url":"https:\/\/www.maresmefilmfestival.com\/es\/","name":"Calella Film Festival","description":"Festival de Cinema","potentialAction":[{"@type":"SearchAction","target":{"@type":"EntryPoint","urlTemplate":"https:\/\/www.maresmefilmfestival.com\/es\/?s={search_term_string}"},"query-input":{"@type":"PropertyValueSpecification","valueRequired":true,"valueName":"search_term_string"}}],"inLanguage":"es"}]}</script>
<!-- / Yoast SEO plugin. -->

[vc_row][vc_column width=»1/4&#8243;][vc_single_image image=»10419&#8243; img_size=»medium» css=»»][vc_column_text][/vc_column_text][/vc_column][vc_column width=»3/4&#8243;][vc_column_text css=»»]La casa Después de la muerte de su padre, tres hermanos se reúnen en la casa familiar donde pasaron los veranos de su infancia. [&hellip;]
