{"id":10563,"date":"2024-10-10T11:29:37","date_gmt":"2024-10-10T10:29:37","guid":{"rendered":"https:\/\/www.maresmefilmfestival.com\/gallo-rojo\/"},"modified":"2024-10-10T12:20:21","modified_gmt":"2024-10-10T11:20:21","slug":"low-budget-gallo-rojo","status":"publish","type":"page","link":"https:\/\/www.maresmefilmfestival.com\/es\/low-budget-gallo-rojo\/","title":{"rendered":"Gallo rojo"},"content":{"rendered":"<div class=\"wpb-content-wrapper\"><p>[vc_row][vc_column width=\u00bb1\/4&#8243;][vc_single_image image=\u00bb10415&#8243; img_size=\u00bbmedium\u00bb css=\u00bb\u00bb][vc_column_text][\/vc_column_text][\/vc_column][vc_column width=\u00bb3\/4&#8243;][vc_column_text css=\u00bb\u00bb]<strong>Gallo Rojo<\/strong><\/p>\n<p>Tras un tiempo viviendo en una gran ciudad, Ana regresa al pueblo en verano para montar un cine. All\u00ed se reencuentra con Luc\u00eda, una vieja conocida. Su amistad ir\u00e1 creciendo mientras Ana lucha por recuperar su vida en el medio rural.[\/vc_column_text][\/vc_column][\/vc_row][vc_row][vc_column width=\u00bb1\/2&#8243;][vc_column_text css=\u00bb\u00bb]<\/p>\n<h3 style=\"text-align: justify;\"><strong><span style=\"color: #d3ab1d;\">Datos Generales<\/span><\/strong><\/h3>\n<p class=\"p1\"><strong>T\u00edtulo original: <\/strong>Gallo rojo<\/p>\n<p><strong>A\u00f1o:<\/strong> 2024<\/p>\n<p class=\"p1\"><strong>Duradaci\u00f3n:<\/strong> 84 minutos<\/p>\n<p class=\"p1\"><b>Pa\u00eds de producci\u00f3n: <\/b>Espa\u00f1a<\/p>\n<p class=\"p1\"><strong>Direcci\u00f3n:<\/strong> Enrique Garc\u00eda-V\u00e1zquez<\/p>\n<p class=\"p1\"><strong>Gui\u00f3n:<\/strong> Enrique Garc\u00eda-V\u00e1zquez<\/p>\n<p class=\"p1\"><strong>Fotograf\u00eda: <\/strong>Karu\u00a0Borge<\/p>\n<p><strong>Reparto:<\/strong> Ana\u00a0Garc\u00e9s, Luc\u00eda\u00a0Lobato, Pino\u00a0De Pablos<\/p>\n<p class=\"p1\"><strong>Productora: <\/strong>Moraleja Films &#8211; Enrique\u00a0Garc\u00eda-v\u00e1zquez, Arturo Due\u00f1as Herrero<\/p>\n<p class=\"p1\"><strong>Idioma: <\/strong>V.O.E<\/p>\n<p>[\/vc_column_text][\/vc_column][vc_column width=\u00bb1\/2&#8243;][vc_column_text css=\u00bb\u00bb]<\/p>\n<h3 style=\"text-align: justify;\"><strong><span style=\"color: #d3ab1d;\">G\u00e9nero<\/span><\/strong><\/h3>\n<p class=\"p1\">Drama, comedia, derechos humanos<\/p>\n<h3><strong><span style=\"color: #d3ab1d;\">Tr\u00e1iler<\/span><\/strong><\/h3>\n<p>[\/vc_column_text][vc_video link=\u00bbhttps:\/\/youtu.be\/rT5MvarUKfY\u00bb css=\u00bb\u00bb][\/vc_column][\/vc_row]<\/p>\n<\/div>","protected":false},"excerpt":{"rendered":"<p>[vc_row][vc_column width=\u00bb1\/4&#8243;][vc_single_image image=\u00bb10415&#8243; img_size=\u00bbmedium\u00bb css=\u00bb\u00bb][vc_column_text][\/vc_column_text][\/vc_column][vc_column width=\u00bb3\/4&#8243;][vc_column_text css=\u00bb\u00bb]Gallo Rojo Tras un tiempo viviendo en una gran ciudad, Ana regresa al pueblo en verano para montar un cine. All\u00ed se reencuentra con [&hellip;]<\/p>\n","protected":false},"author":1,"featured_media":0,"parent":0,"menu_order":0,"comment_status":"closed","ping_status":"closed","template":"","meta":{"footnotes":""},"class_list":["post-10563","page","type-page","status-publish","hentry"],"yoast_head":"<!-- This site is optimized with the Yoast SEO plugin v27.5 - https:\/\/yoast.com\/product\/yoast-seo-wordpress\/ -->\n<title>Gallo rojo - Calella Film Festival<\/title>\n<meta name=\"robots\" content=\"index, follow, max-snippet:-1, max-image-preview:large, max-video-preview:-1\" \/>\n<link rel=\"canonical\" href=\"https:\/\/www.maresmefilmfestival.com\/es\/low-budget-gallo-rojo\/\" \/>\n<meta property=\"og:locale\" content=\"es_ES\" \/>\n<meta property=\"og:type\" content=\"article\" \/>\n<meta property=\"og:title\" content=\"Gallo rojo - Calella Film Festival\" \/>\n<meta property=\"og:description\" content=\"[vc_row][vc_column width=\u00bb1\/4&#8243;][vc_single_image image=\u00bb10415&#8243; img_size=\u00bbmedium\u00bb css=\u00bb\u00bb][vc_column_text][\/vc_column_text][\/vc_column][vc_column width=\u00bb3\/4&#8243;][vc_column_text css=\u00bb\u00bb]Gallo Rojo Tras un tiempo viviendo en una gran ciudad, Ana regresa al pueblo en verano para montar un cine. All\u00ed se reencuentra con [&hellip;]\" \/>\n<meta property=\"og:url\" content=\"https:\/\/www.maresmefilmfestival.com\/es\/low-budget-gallo-rojo\/\" \/>\n<meta property=\"og:site_name\" content=\"Calella Film Festival\" \/>\n<meta property=\"article:publisher\" content=\"https:\/\/www.facebook.com\/Festival-de-Cinema-de-Calella-536425489872034\/?ref=hl\" \/>\n<meta property=\"article:modified_time\" content=\"2024-10-10T11:20:21+00:00\" \/>\n<meta name=\"twitter:card\" content=\"summary_large_image\" \/>\n<meta name=\"twitter:site\" content=\"@CalellaFilmFest\" \/>\n<meta name=\"twitter:label1\" content=\"Tiempo de lectura\" \/>\n\t<meta name=\"twitter:data1\" content=\"1 minuto\" \/>\n<script type=\"application\/ld+json\" class=\"yoast-schema-graph\">{\"@context\":\"https:\\\/\\\/schema.org\",\"@graph\":[{\"@type\":\"WebPage\",\"@id\":\"https:\\\/\\\/www.maresmefilmfestival.com\\\/es\\\/low-budget-gallo-rojo\\\/\",\"url\":\"https:\\\/\\\/www.maresmefilmfestival.com\\\/es\\\/low-budget-gallo-rojo\\\/\",\"name\":\"Gallo rojo - Calella Film Festival\",\"isPartOf\":{\"@id\":\"https:\\\/\\\/www.maresmefilmfestival.com\\\/es\\\/#website\"},\"datePublished\":\"2024-10-10T10:29:37+00:00\",\"dateModified\":\"2024-10-10T11:20:21+00:00\",\"breadcrumb\":{\"@id\":\"https:\\\/\\\/www.maresmefilmfestival.com\\\/es\\\/low-budget-gallo-rojo\\\/#breadcrumb\"},\"inLanguage\":\"es\",\"potentialAction\":[{\"@type\":\"ReadAction\",\"target\":[\"https:\\\/\\\/www.maresmefilmfestival.com\\\/es\\\/low-budget-gallo-rojo\\\/\"]}]},{\"@type\":\"BreadcrumbList\",\"@id\":\"https:\\\/\\\/www.maresmefilmfestival.com\\\/es\\\/low-budget-gallo-rojo\\\/#breadcrumb\",\"itemListElement\":[{\"@type\":\"ListItem\",\"position\":1,\"name\":\"Portada\",\"item\":\"https:\\\/\\\/www.maresmefilmfestival.com\\\/es\\\/\"},{\"@type\":\"ListItem\",\"position\":2,\"name\":\"Gallo rojo\"}]},{\"@type\":\"WebSite\",\"@id\":\"https:\\\/\\\/www.maresmefilmfestival.com\\\/es\\\/#website\",\"url\":\"https:\\\/\\\/www.maresmefilmfestival.com\\\/es\\\/\",\"name\":\"Calella Film Festival\",\"description\":\"Festival de Cinema\",\"potentialAction\":[{\"@type\":\"SearchAction\",\"target\":{\"@type\":\"EntryPoint\",\"urlTemplate\":\"https:\\\/\\\/www.maresmefilmfestival.com\\\/es\\\/?s={search_term_string}\"},\"query-input\":{\"@type\":\"PropertyValueSpecification\",\"valueRequired\":true,\"valueName\":\"search_term_string\"}}],\"inLanguage\":\"es\"}]}<\/script>\n<!-- \/ Yoast SEO plugin. -->","yoast_head_json":{"title":"Gallo rojo - Calella Film Festival","robots":{"index":"index","follow":"follow","max-snippet":"max-snippet:-1","max-image-preview":"max-image-preview:large","max-video-preview":"max-video-preview:-1"},"canonical":"https:\/\/www.maresmefilmfestival.com\/es\/low-budget-gallo-rojo\/","og_locale":"es_ES","og_type":"article","og_title":"Gallo rojo - Calella Film Festival","og_description":"[vc_row][vc_column width=\u00bb1\/4&#8243;][vc_single_image image=\u00bb10415&#8243; img_size=\u00bbmedium\u00bb css=\u00bb\u00bb][vc_column_text][\/vc_column_text][\/vc_column][vc_column width=\u00bb3\/4&#8243;][vc_column_text css=\u00bb\u00bb]Gallo Rojo Tras un tiempo viviendo en una gran ciudad, Ana regresa al pueblo en verano para montar un cine. All\u00ed se reencuentra con [&hellip;]","og_url":"https:\/\/www.maresmefilmfestival.com\/es\/low-budget-gallo-rojo\/","og_site_name":"Calella Film Festival","article_publisher":"https:\/\/www.facebook.com\/Festival-de-Cinema-de-Calella-536425489872034\/?ref=hl","article_modified_time":"2024-10-10T11:20:21+00:00","twitter_card":"summary_large_image","twitter_site":"@CalellaFilmFest","twitter_misc":{"Tiempo de lectura":"1 minuto"},"schema":{"@context":"https:\/\/schema.org","@graph":[{"@type":"WebPage","@id":"https:\/\/www.maresmefilmfestival.com\/es\/low-budget-gallo-rojo\/","url":"https:\/\/www.maresmefilmfestival.com\/es\/low-budget-gallo-rojo\/","name":"Gallo rojo - Calella Film Festival","isPartOf":{"@id":"https:\/\/www.maresmefilmfestival.com\/es\/#website"},"datePublished":"2024-10-10T10:29:37+00:00","dateModified":"2024-10-10T11:20:21+00:00","breadcrumb":{"@id":"https:\/\/www.maresmefilmfestival.com\/es\/low-budget-gallo-rojo\/#breadcrumb"},"inLanguage":"es","potentialAction":[{"@type":"ReadAction","target":["https:\/\/www.maresmefilmfestival.com\/es\/low-budget-gallo-rojo\/"]}]},{"@type":"BreadcrumbList","@id":"https:\/\/www.maresmefilmfestival.com\/es\/low-budget-gallo-rojo\/#breadcrumb","itemListElement":[{"@type":"ListItem","position":1,"name":"Portada","item":"https:\/\/www.maresmefilmfestival.com\/es\/"},{"@type":"ListItem","position":2,"name":"Gallo rojo"}]},{"@type":"WebSite","@id":"https:\/\/www.maresmefilmfestival.com\/es\/#website","url":"https:\/\/www.maresmefilmfestival.com\/es\/","name":"Calella Film Festival","description":"Festival de Cinema","potentialAction":[{"@type":"SearchAction","target":{"@type":"EntryPoint","urlTemplate":"https:\/\/www.maresmefilmfestival.com\/es\/?s={search_term_string}"},"query-input":{"@type":"PropertyValueSpecification","valueRequired":true,"valueName":"search_term_string"}}],"inLanguage":"es"}]}},"_links":{"self":[{"href":"https:\/\/www.maresmefilmfestival.com\/es\/wp-json\/wp\/v2\/pages\/10563","targetHints":{"allow":["GET"]}}],"collection":[{"href":"https:\/\/www.maresmefilmfestival.com\/es\/wp-json\/wp\/v2\/pages"}],"about":[{"href":"https:\/\/www.maresmefilmfestival.com\/es\/wp-json\/wp\/v2\/types\/page"}],"author":[{"embeddable":true,"href":"https:\/\/www.maresmefilmfestival.com\/es\/wp-json\/wp\/v2\/users\/1"}],"replies":[{"embeddable":true,"href":"https:\/\/www.maresmefilmfestival.com\/es\/wp-json\/wp\/v2\/comments?post=10563"}],"version-history":[{"count":0,"href":"https:\/\/www.maresmefilmfestival.com\/es\/wp-json\/wp\/v2\/pages\/10563\/revisions"}],"wp:attachment":[{"href":"https:\/\/www.maresmefilmfestival.com\/es\/wp-json\/wp\/v2\/media?parent=10563"}],"curies":[{"name":"wp","href":"https:\/\/api.w.org\/{rel}","templated":true}]}}

<div class="wpb-content-wrapper"><p>[vc_row][vc_column width=»1/4&#8243;][vc_single_image image=»10415&#8243; img_size=»medium» css=»»][vc_column_text][/vc_column_text][/vc_column][vc_column width=»3/4&#8243;][vc_column_text css=»»]<strong>Gallo Rojo</strong></p>
<p>Tras un tiempo viviendo en una gran ciudad, Ana regresa al pueblo en verano para montar un cine. Allí se reencuentra con Lucía, una vieja conocida. Su amistad irá creciendo mientras Ana lucha por recuperar su vida en el medio rural.[/vc_column_text][/vc_column][/vc_row][vc_row][vc_column width=»1/2&#8243;][vc_column_text css=»»]</p>
<h3 style="text-align: justify;"><strong><span style="color: #d3ab1d;">Datos Generales</span></strong></h3>
<p class="p1"><strong>Título original: </strong>Gallo rojo</p>
<p><strong>Año:</strong> 2024</p>
<p class="p1"><strong>Duradación:</strong> 84 minutos</p>
<p class="p1"><b>País de producción: </b>España</p>
<p class="p1"><strong>Dirección:</strong> Enrique García-Vázquez</p>
<p class="p1"><strong>Guión:</strong> Enrique García-Vázquez</p>
<p class="p1"><strong>Fotografía: </strong>Karu Borge</p>
<p><strong>Reparto:</strong> Ana Garcés, Lucía Lobato, Pino De Pablos</p>
<p class="p1"><strong>Productora: </strong>Moraleja Films &#8211; Enrique García-vázquez, Arturo Dueñas Herrero</p>
<p class="p1"><strong>Idioma: </strong>V.O.E</p>
<p>[/vc_column_text][/vc_column][vc_column width=»1/2&#8243;][vc_column_text css=»»]</p>
<h3 style="text-align: justify;"><strong><span style="color: #d3ab1d;">Género</span></strong></h3>
<p class="p1">Drama, comedia, derechos humanos</p>
<h3><strong><span style="color: #d3ab1d;">Tráiler</span></strong></h3>
<p>[/vc_column_text][vc_video link=»https://youtu.be/rT5MvarUKfY» css=»»][/vc_column][/vc_row]</p>
</div>

<p>[vc_row][vc_column width=»1/4&#8243;][vc_single_image image=»10415&#8243; img_size=»medium» css=»»][vc_column_text][/vc_column_text][/vc_column][vc_column width=»3/4&#8243;][vc_column_text css=»»]Gallo Rojo Tras un tiempo viviendo en una gran ciudad, Ana regresa al pueblo en verano para montar un cine. Allí se reencuentra con [&hellip;]</p>

<!-- This site is optimized with the Yoast SEO plugin v27.5 - https://yoast.com/product/yoast-seo-wordpress/ -->
<title>Gallo rojo - Calella Film Festival</title>
<meta name="robots" content="index, follow, max-snippet:-1, max-image-preview:large, max-video-preview:-1" />
<link rel="canonical" href="https://www.maresmefilmfestival.com/es/low-budget-gallo-rojo/" />
<meta property="og:locale" content="es_ES" />
<meta property="og:type" content="article" />
<meta property="og:title" content="Gallo rojo - Calella Film Festival" />
<meta property="og:description" content="[vc_row][vc_column width=»1/4&#8243;][vc_single_image image=»10415&#8243; img_size=»medium» css=»»][vc_column_text][/vc_column_text][/vc_column][vc_column width=»3/4&#8243;][vc_column_text css=»»]Gallo Rojo Tras un tiempo viviendo en una gran ciudad, Ana regresa al pueblo en verano para montar un cine. Allí se reencuentra con [&hellip;]" />
<meta property="og:url" content="https://www.maresmefilmfestival.com/es/low-budget-gallo-rojo/" />
<meta property="og:site_name" content="Calella Film Festival" />
<meta property="article:publisher" content="https://www.facebook.com/Festival-de-Cinema-de-Calella-536425489872034/?ref=hl" />
<meta property="article:modified_time" content="2024-10-10T11:20:21+00:00" />
<meta name="twitter:card" content="summary_large_image" />
<meta name="twitter:site" content="@CalellaFilmFest" />
<meta name="twitter:label1" content="Tiempo de lectura" />
	<meta name="twitter:data1" content="1 minuto" />
<script type="application/ld+json" class="yoast-schema-graph">{"@context":"https:\/\/schema.org","@graph":[{"@type":"WebPage","@id":"https:\/\/www.maresmefilmfestival.com\/es\/low-budget-gallo-rojo\/","url":"https:\/\/www.maresmefilmfestival.com\/es\/low-budget-gallo-rojo\/","name":"Gallo rojo - Calella Film Festival","isPartOf":{"@id":"https:\/\/www.maresmefilmfestival.com\/es\/#website"},"datePublished":"2024-10-10T10:29:37+00:00","dateModified":"2024-10-10T11:20:21+00:00","breadcrumb":{"@id":"https:\/\/www.maresmefilmfestival.com\/es\/low-budget-gallo-rojo\/#breadcrumb"},"inLanguage":"es","potentialAction":[{"@type":"ReadAction","target":["https:\/\/www.maresmefilmfestival.com\/es\/low-budget-gallo-rojo\/"]}]},{"@type":"BreadcrumbList","@id":"https:\/\/www.maresmefilmfestival.com\/es\/low-budget-gallo-rojo\/#breadcrumb","itemListElement":[{"@type":"ListItem","position":1,"name":"Portada","item":"https:\/\/www.maresmefilmfestival.com\/es\/"},{"@type":"ListItem","position":2,"name":"Gallo rojo"}]},{"@type":"WebSite","@id":"https:\/\/www.maresmefilmfestival.com\/es\/#website","url":"https:\/\/www.maresmefilmfestival.com\/es\/","name":"Calella Film Festival","description":"Festival de Cinema","potentialAction":[{"@type":"SearchAction","target":{"@type":"EntryPoint","urlTemplate":"https:\/\/www.maresmefilmfestival.com\/es\/?s={search_term_string}"},"query-input":{"@type":"PropertyValueSpecification","valueRequired":true,"valueName":"search_term_string"}}],"inLanguage":"es"}]}</script>
<!-- / Yoast SEO plugin. -->

[vc_row][vc_column width=»1/4&#8243;][vc_single_image image=»10415&#8243; img_size=»medium» css=»»][vc_column_text][/vc_column_text][/vc_column][vc_column width=»3/4&#8243;][vc_column_text css=»»]Gallo Rojo Tras un tiempo viviendo en una gran ciudad, Ana regresa al pueblo en verano para montar un cine. Allí se reencuentra con [&hellip;]
