{"id":10545,"date":"2024-10-10T10:21:43","date_gmt":"2024-10-10T09:21:43","guid":{"rendered":"https:\/\/www.maresmefilmfestival.com\/pies-en-la-arena\/"},"modified":"2024-10-10T12:14:51","modified_gmt":"2024-10-10T11:14:51","slug":"pies-en-la-arena","status":"publish","type":"page","link":"https:\/\/www.maresmefilmfestival.com\/es\/pies-en-la-arena\/","title":{"rendered":"Pies en la arena"},"content":{"rendered":"<div class=\"wpb-content-wrapper\"><p>[vc_row][vc_column width=\u00bb1\/4&#8243;][vc_single_image image=\u00bb10392&#8243; img_size=\u00bbmedium\u00bb css=\u00bb\u00bb][vc_column_text][\/vc_column_text][\/vc_column][vc_column width=\u00bb3\/4&#8243;][vc_column_text css=\u00bb\u00bb]<strong>Pies en la arena<\/strong><\/p>\n<p>To\u00f1a es una mujer dominicana que escapa de su pa\u00eds y de una relaci\u00f3n de maltrato. Llega a Puerto Rico indocumentada para construir una nueva vida y est\u00e1 a punto de lograrlo. Gregorio, un m\u00e9dico cubano exiliado que se queda atrapado en Puerto Rico sin opciones legales para regular su status migratorio. Un accidente provocar\u00e1 una relaci\u00f3n de la que ambos dependen para salir adelante.[\/vc_column_text][\/vc_column][\/vc_row][vc_row][vc_column width=\u00bb1\/2&#8243;][vc_column_text css=\u00bb\u00bb]<\/p>\n<h3 style=\"text-align: justify;\"><strong><span style=\"color: #d3ab1d;\">Datos Generales<\/span><\/strong><\/h3>\n<p class=\"p1\"><strong>T\u00edtulo original: <\/strong>Pies en la arena<\/p>\n<p><strong>A\u00f1o:<\/strong> 2023<\/p>\n<p class=\"p1\"><strong>Duraci\u00f3n:<\/strong> 75 minutos<\/p>\n<p class=\"p1\"><b>Pa\u00eds de producci\u00f3n: <\/b>Rep\u00fablica Dominicana<\/p>\n<p class=\"p1\"><strong>Direcci\u00f3n:<\/strong> Gustavo Ramos Perales<\/p>\n<p class=\"p1\"><strong>Gui\u00f3n: <\/strong>Gustavo Ramos Perales<\/p>\n<p class=\"p1\"><strong>Fotograf\u00eda: <\/strong>Willie\u00a0Berrios<\/p>\n<p><strong>Reparto:<\/strong> Judith \u00a0Rodriguez, Eduardo \u00a0Martinez<\/p>\n<p class=\"p1\"><strong>Productora: <\/strong>Annabelle \u00a0Mullen, Edna\u00a0Lerebours<\/p>\n<p class=\"p1\"><strong>Idioma: <\/strong>V.O.E<\/p>\n<p>[\/vc_column_text][\/vc_column][vc_column width=\u00bb1\/2&#8243;][vc_column_text css=\u00bb\u00bb]<\/p>\n<h3 style=\"text-align: justify;\"><strong><span style=\"color: #d3ab1d;\">G\u00e9nero<\/span><\/strong><\/h3>\n<p class=\"p1\">Drama<\/p>\n<h3><strong><span style=\"color: #d3ab1d;\">Tr\u00e1iler<\/span><\/strong><\/h3>\n<p>[\/vc_column_text][vc_video link=\u00bbhttps:\/\/youtu.be\/5GHyRPGxQGw\u00bb css=\u00bb\u00bb][\/vc_column][\/vc_row]<\/p>\n<\/div>","protected":false},"excerpt":{"rendered":"<p>[vc_row][vc_column width=\u00bb1\/4&#8243;][vc_single_image image=\u00bb10392&#8243; img_size=\u00bbmedium\u00bb css=\u00bb\u00bb][vc_column_text][\/vc_column_text][\/vc_column][vc_column width=\u00bb3\/4&#8243;][vc_column_text css=\u00bb\u00bb]Pies en la arena To\u00f1a es una mujer dominicana que escapa de su pa\u00eds y de una relaci\u00f3n de maltrato. Llega a Puerto Rico [&hellip;]<\/p>\n","protected":false},"author":1,"featured_media":0,"parent":0,"menu_order":0,"comment_status":"closed","ping_status":"closed","template":"","meta":{"footnotes":""},"class_list":["post-10545","page","type-page","status-publish","hentry"],"yoast_head":"<!-- This site is optimized with the Yoast SEO plugin v27.5 - https:\/\/yoast.com\/product\/yoast-seo-wordpress\/ -->\n<title>Pies en la arena - Calella Film Festival<\/title>\n<meta name=\"robots\" content=\"index, follow, max-snippet:-1, max-image-preview:large, max-video-preview:-1\" \/>\n<link rel=\"canonical\" href=\"https:\/\/www.maresmefilmfestival.com\/es\/pies-en-la-arena\/\" \/>\n<meta property=\"og:locale\" content=\"es_ES\" \/>\n<meta property=\"og:type\" content=\"article\" \/>\n<meta property=\"og:title\" content=\"Pies en la arena - Calella Film Festival\" \/>\n<meta property=\"og:description\" content=\"[vc_row][vc_column width=\u00bb1\/4&#8243;][vc_single_image image=\u00bb10392&#8243; img_size=\u00bbmedium\u00bb css=\u00bb\u00bb][vc_column_text][\/vc_column_text][\/vc_column][vc_column width=\u00bb3\/4&#8243;][vc_column_text css=\u00bb\u00bb]Pies en la arena To\u00f1a es una mujer dominicana que escapa de su pa\u00eds y de una relaci\u00f3n de maltrato. Llega a Puerto Rico [&hellip;]\" \/>\n<meta property=\"og:url\" content=\"https:\/\/www.maresmefilmfestival.com\/es\/pies-en-la-arena\/\" \/>\n<meta property=\"og:site_name\" content=\"Calella Film Festival\" \/>\n<meta property=\"article:publisher\" content=\"https:\/\/www.facebook.com\/Festival-de-Cinema-de-Calella-536425489872034\/?ref=hl\" \/>\n<meta property=\"article:modified_time\" content=\"2024-10-10T11:14:51+00:00\" \/>\n<meta name=\"twitter:card\" content=\"summary_large_image\" \/>\n<meta name=\"twitter:site\" content=\"@CalellaFilmFest\" \/>\n<meta name=\"twitter:label1\" content=\"Tiempo de lectura\" \/>\n\t<meta name=\"twitter:data1\" content=\"1 minuto\" \/>\n<script type=\"application\/ld+json\" class=\"yoast-schema-graph\">{\"@context\":\"https:\\\/\\\/schema.org\",\"@graph\":[{\"@type\":\"WebPage\",\"@id\":\"https:\\\/\\\/www.maresmefilmfestival.com\\\/es\\\/pies-en-la-arena\\\/\",\"url\":\"https:\\\/\\\/www.maresmefilmfestival.com\\\/es\\\/pies-en-la-arena\\\/\",\"name\":\"Pies en la arena - Calella Film Festival\",\"isPartOf\":{\"@id\":\"https:\\\/\\\/www.maresmefilmfestival.com\\\/es\\\/#website\"},\"datePublished\":\"2024-10-10T09:21:43+00:00\",\"dateModified\":\"2024-10-10T11:14:51+00:00\",\"breadcrumb\":{\"@id\":\"https:\\\/\\\/www.maresmefilmfestival.com\\\/es\\\/pies-en-la-arena\\\/#breadcrumb\"},\"inLanguage\":\"es\",\"potentialAction\":[{\"@type\":\"ReadAction\",\"target\":[\"https:\\\/\\\/www.maresmefilmfestival.com\\\/es\\\/pies-en-la-arena\\\/\"]}]},{\"@type\":\"BreadcrumbList\",\"@id\":\"https:\\\/\\\/www.maresmefilmfestival.com\\\/es\\\/pies-en-la-arena\\\/#breadcrumb\",\"itemListElement\":[{\"@type\":\"ListItem\",\"position\":1,\"name\":\"Portada\",\"item\":\"https:\\\/\\\/www.maresmefilmfestival.com\\\/es\\\/\"},{\"@type\":\"ListItem\",\"position\":2,\"name\":\"Pies en la arena\"}]},{\"@type\":\"WebSite\",\"@id\":\"https:\\\/\\\/www.maresmefilmfestival.com\\\/es\\\/#website\",\"url\":\"https:\\\/\\\/www.maresmefilmfestival.com\\\/es\\\/\",\"name\":\"Calella Film Festival\",\"description\":\"Festival de Cinema\",\"potentialAction\":[{\"@type\":\"SearchAction\",\"target\":{\"@type\":\"EntryPoint\",\"urlTemplate\":\"https:\\\/\\\/www.maresmefilmfestival.com\\\/es\\\/?s={search_term_string}\"},\"query-input\":{\"@type\":\"PropertyValueSpecification\",\"valueRequired\":true,\"valueName\":\"search_term_string\"}}],\"inLanguage\":\"es\"}]}<\/script>\n<!-- \/ Yoast SEO plugin. -->","yoast_head_json":{"title":"Pies en la arena - Calella Film Festival","robots":{"index":"index","follow":"follow","max-snippet":"max-snippet:-1","max-image-preview":"max-image-preview:large","max-video-preview":"max-video-preview:-1"},"canonical":"https:\/\/www.maresmefilmfestival.com\/es\/pies-en-la-arena\/","og_locale":"es_ES","og_type":"article","og_title":"Pies en la arena - Calella Film Festival","og_description":"[vc_row][vc_column width=\u00bb1\/4&#8243;][vc_single_image image=\u00bb10392&#8243; img_size=\u00bbmedium\u00bb css=\u00bb\u00bb][vc_column_text][\/vc_column_text][\/vc_column][vc_column width=\u00bb3\/4&#8243;][vc_column_text css=\u00bb\u00bb]Pies en la arena To\u00f1a es una mujer dominicana que escapa de su pa\u00eds y de una relaci\u00f3n de maltrato. Llega a Puerto Rico [&hellip;]","og_url":"https:\/\/www.maresmefilmfestival.com\/es\/pies-en-la-arena\/","og_site_name":"Calella Film Festival","article_publisher":"https:\/\/www.facebook.com\/Festival-de-Cinema-de-Calella-536425489872034\/?ref=hl","article_modified_time":"2024-10-10T11:14:51+00:00","twitter_card":"summary_large_image","twitter_site":"@CalellaFilmFest","twitter_misc":{"Tiempo de lectura":"1 minuto"},"schema":{"@context":"https:\/\/schema.org","@graph":[{"@type":"WebPage","@id":"https:\/\/www.maresmefilmfestival.com\/es\/pies-en-la-arena\/","url":"https:\/\/www.maresmefilmfestival.com\/es\/pies-en-la-arena\/","name":"Pies en la arena - Calella Film Festival","isPartOf":{"@id":"https:\/\/www.maresmefilmfestival.com\/es\/#website"},"datePublished":"2024-10-10T09:21:43+00:00","dateModified":"2024-10-10T11:14:51+00:00","breadcrumb":{"@id":"https:\/\/www.maresmefilmfestival.com\/es\/pies-en-la-arena\/#breadcrumb"},"inLanguage":"es","potentialAction":[{"@type":"ReadAction","target":["https:\/\/www.maresmefilmfestival.com\/es\/pies-en-la-arena\/"]}]},{"@type":"BreadcrumbList","@id":"https:\/\/www.maresmefilmfestival.com\/es\/pies-en-la-arena\/#breadcrumb","itemListElement":[{"@type":"ListItem","position":1,"name":"Portada","item":"https:\/\/www.maresmefilmfestival.com\/es\/"},{"@type":"ListItem","position":2,"name":"Pies en la arena"}]},{"@type":"WebSite","@id":"https:\/\/www.maresmefilmfestival.com\/es\/#website","url":"https:\/\/www.maresmefilmfestival.com\/es\/","name":"Calella Film Festival","description":"Festival de Cinema","potentialAction":[{"@type":"SearchAction","target":{"@type":"EntryPoint","urlTemplate":"https:\/\/www.maresmefilmfestival.com\/es\/?s={search_term_string}"},"query-input":{"@type":"PropertyValueSpecification","valueRequired":true,"valueName":"search_term_string"}}],"inLanguage":"es"}]}},"_links":{"self":[{"href":"https:\/\/www.maresmefilmfestival.com\/es\/wp-json\/wp\/v2\/pages\/10545","targetHints":{"allow":["GET"]}}],"collection":[{"href":"https:\/\/www.maresmefilmfestival.com\/es\/wp-json\/wp\/v2\/pages"}],"about":[{"href":"https:\/\/www.maresmefilmfestival.com\/es\/wp-json\/wp\/v2\/types\/page"}],"author":[{"embeddable":true,"href":"https:\/\/www.maresmefilmfestival.com\/es\/wp-json\/wp\/v2\/users\/1"}],"replies":[{"embeddable":true,"href":"https:\/\/www.maresmefilmfestival.com\/es\/wp-json\/wp\/v2\/comments?post=10545"}],"version-history":[{"count":0,"href":"https:\/\/www.maresmefilmfestival.com\/es\/wp-json\/wp\/v2\/pages\/10545\/revisions"}],"wp:attachment":[{"href":"https:\/\/www.maresmefilmfestival.com\/es\/wp-json\/wp\/v2\/media?parent=10545"}],"curies":[{"name":"wp","href":"https:\/\/api.w.org\/{rel}","templated":true}]}}

<div class="wpb-content-wrapper"><p>[vc_row][vc_column width=»1/4&#8243;][vc_single_image image=»10392&#8243; img_size=»medium» css=»»][vc_column_text][/vc_column_text][/vc_column][vc_column width=»3/4&#8243;][vc_column_text css=»»]<strong>Pies en la arena</strong></p>
<p>Toña es una mujer dominicana que escapa de su país y de una relación de maltrato. Llega a Puerto Rico indocumentada para construir una nueva vida y está a punto de lograrlo. Gregorio, un médico cubano exiliado que se queda atrapado en Puerto Rico sin opciones legales para regular su status migratorio. Un accidente provocará una relación de la que ambos dependen para salir adelante.[/vc_column_text][/vc_column][/vc_row][vc_row][vc_column width=»1/2&#8243;][vc_column_text css=»»]</p>
<h3 style="text-align: justify;"><strong><span style="color: #d3ab1d;">Datos Generales</span></strong></h3>
<p class="p1"><strong>Título original: </strong>Pies en la arena</p>
<p><strong>Año:</strong> 2023</p>
<p class="p1"><strong>Duración:</strong> 75 minutos</p>
<p class="p1"><b>País de producción: </b>República Dominicana</p>
<p class="p1"><strong>Dirección:</strong> Gustavo Ramos Perales</p>
<p class="p1"><strong>Guión: </strong>Gustavo Ramos Perales</p>
<p class="p1"><strong>Fotografía: </strong>Willie Berrios</p>
<p><strong>Reparto:</strong> Judith  Rodriguez, Eduardo  Martinez</p>
<p class="p1"><strong>Productora: </strong>Annabelle  Mullen, Edna Lerebours</p>
<p class="p1"><strong>Idioma: </strong>V.O.E</p>
<p>[/vc_column_text][/vc_column][vc_column width=»1/2&#8243;][vc_column_text css=»»]</p>
<h3 style="text-align: justify;"><strong><span style="color: #d3ab1d;">Género</span></strong></h3>
<p class="p1">Drama</p>
<h3><strong><span style="color: #d3ab1d;">Tráiler</span></strong></h3>
<p>[/vc_column_text][vc_video link=»https://youtu.be/5GHyRPGxQGw» css=»»][/vc_column][/vc_row]</p>
</div>

<p>[vc_row][vc_column width=»1/4&#8243;][vc_single_image image=»10392&#8243; img_size=»medium» css=»»][vc_column_text][/vc_column_text][/vc_column][vc_column width=»3/4&#8243;][vc_column_text css=»»]Pies en la arena Toña es una mujer dominicana que escapa de su país y de una relación de maltrato. Llega a Puerto Rico [&hellip;]</p>

<!-- This site is optimized with the Yoast SEO plugin v27.5 - https://yoast.com/product/yoast-seo-wordpress/ -->
<title>Pies en la arena - Calella Film Festival</title>
<meta name="robots" content="index, follow, max-snippet:-1, max-image-preview:large, max-video-preview:-1" />
<link rel="canonical" href="https://www.maresmefilmfestival.com/es/pies-en-la-arena/" />
<meta property="og:locale" content="es_ES" />
<meta property="og:type" content="article" />
<meta property="og:title" content="Pies en la arena - Calella Film Festival" />
<meta property="og:description" content="[vc_row][vc_column width=»1/4&#8243;][vc_single_image image=»10392&#8243; img_size=»medium» css=»»][vc_column_text][/vc_column_text][/vc_column][vc_column width=»3/4&#8243;][vc_column_text css=»»]Pies en la arena Toña es una mujer dominicana que escapa de su país y de una relación de maltrato. Llega a Puerto Rico [&hellip;]" />
<meta property="og:url" content="https://www.maresmefilmfestival.com/es/pies-en-la-arena/" />
<meta property="og:site_name" content="Calella Film Festival" />
<meta property="article:publisher" content="https://www.facebook.com/Festival-de-Cinema-de-Calella-536425489872034/?ref=hl" />
<meta property="article:modified_time" content="2024-10-10T11:14:51+00:00" />
<meta name="twitter:card" content="summary_large_image" />
<meta name="twitter:site" content="@CalellaFilmFest" />
<meta name="twitter:label1" content="Tiempo de lectura" />
	<meta name="twitter:data1" content="1 minuto" />
<script type="application/ld+json" class="yoast-schema-graph">{"@context":"https:\/\/schema.org","@graph":[{"@type":"WebPage","@id":"https:\/\/www.maresmefilmfestival.com\/es\/pies-en-la-arena\/","url":"https:\/\/www.maresmefilmfestival.com\/es\/pies-en-la-arena\/","name":"Pies en la arena - Calella Film Festival","isPartOf":{"@id":"https:\/\/www.maresmefilmfestival.com\/es\/#website"},"datePublished":"2024-10-10T09:21:43+00:00","dateModified":"2024-10-10T11:14:51+00:00","breadcrumb":{"@id":"https:\/\/www.maresmefilmfestival.com\/es\/pies-en-la-arena\/#breadcrumb"},"inLanguage":"es","potentialAction":[{"@type":"ReadAction","target":["https:\/\/www.maresmefilmfestival.com\/es\/pies-en-la-arena\/"]}]},{"@type":"BreadcrumbList","@id":"https:\/\/www.maresmefilmfestival.com\/es\/pies-en-la-arena\/#breadcrumb","itemListElement":[{"@type":"ListItem","position":1,"name":"Portada","item":"https:\/\/www.maresmefilmfestival.com\/es\/"},{"@type":"ListItem","position":2,"name":"Pies en la arena"}]},{"@type":"WebSite","@id":"https:\/\/www.maresmefilmfestival.com\/es\/#website","url":"https:\/\/www.maresmefilmfestival.com\/es\/","name":"Calella Film Festival","description":"Festival de Cinema","potentialAction":[{"@type":"SearchAction","target":{"@type":"EntryPoint","urlTemplate":"https:\/\/www.maresmefilmfestival.com\/es\/?s={search_term_string}"},"query-input":{"@type":"PropertyValueSpecification","valueRequired":true,"valueName":"search_term_string"}}],"inLanguage":"es"}]}</script>
<!-- / Yoast SEO plugin. -->

[vc_row][vc_column width=»1/4&#8243;][vc_single_image image=»10392&#8243; img_size=»medium» css=»»][vc_column_text][/vc_column_text][/vc_column][vc_column width=»3/4&#8243;][vc_column_text css=»»]Pies en la arena Toña es una mujer dominicana que escapa de su país y de una relación de maltrato. Llega a Puerto Rico [&hellip;]
