{"id":7021,"date":"2019-04-30T11:12:06","date_gmt":"2019-04-30T10:12:06","guid":{"rendered":"http:\/\/www.maresmefilmfestival.com\/?page_id=7021"},"modified":"2019-04-30T11:12:06","modified_gmt":"2019-04-30T10:12:06","slug":"ocho-de-cada-diez","status":"publish","type":"page","link":"https:\/\/www.maresmefilmfestival.com\/en\/ocho-de-cada-diez\/","title":{"rendered":"Ocho de cada diez"},"content":{"rendered":"<div class=\"wpb-content-wrapper\"><p>[vc_row][vc_column width=&#8221;1\/4&#8243;][vc_single_image image=&#8221;6934&#8243; img_size=&#8221;medium&#8221;][\/vc_column][vc_column width=&#8221;3\/4&#8243;][vc_column_text]<strong>Ocho de cada diez<\/strong><\/p>\n<p>Aurelio and Citlali meet each other in a small hotel of Mexico City during the darkest days of theirs lives. He just buried his son, murdered in broad daylight. She had to abandon her daughter with her violent father. Aurelio wants the police to do their job and capture his son\u2019s murderers. Citlali needs a legal document to fight for her daughter\u2019s custody. Their quest for justice soon transforms into the need for revenge. Love grows step by step, and a pact is forged between them: to help each other take justice into their own hands.[\/vc_column_text][\/vc_column][\/vc_row][vc_row][vc_column width=&#8221;1\/2&#8243;][vc_column_text]<\/p>\n<h3 style=\"text-align: justify;\"><strong><span style=\"color: #d3ab1d;\">General Information<\/span><\/strong><\/h3>\n<p class=\"p1\"><strong>Original title\u00a0<\/strong>Ocho de cada diez<\/p>\n<p class=\"p1\"><b>Year\u00a0<\/b>2018<\/p>\n<p class=\"p1\"><strong>Run time<\/strong>\u00a0107 minutes<\/p>\n<p class=\"p1\"><b>Country\u00a0<\/b>Mexico<\/p>\n<p class=\"p1\"><strong>Director<\/strong> Sergio Umansky<\/p>\n<p class=\"p1\"><strong>Screenwriter <\/strong>Sergio Umansky<\/p>\n<p class=\"p1\"><strong>Cinematography <\/strong>Miguel Escudero<\/p>\n<p class=\"p1\"><strong>Cast\u00a0<\/strong>No\u00e9 Hern\u00e1ndez, Daniela Schmidt, Ra\u00fal Briones, Edward Conrad, Adri\u00e1n Ladr\u00f3n, Claudia Fr\u00edas, Mayra S\u00e9rbulo, Marifer Santill\u00e1n<\/p>\n<p class=\"p1\"><strong>Language<\/strong>\u00a0Spanish<\/p>\n<p class=\"p1\"><strong>Producer\u00a0<\/strong>Arte Mec\u00e1nica Producciones<\/p>\n<p class=\"p1\">\n<p>[\/vc_column_text][\/vc_column][vc_column width=&#8221;1\/2&#8243;][vc_column_text]<\/p>\n<h3 style=\"text-align: justify;\"><strong><span style=\"color: #d3ab1d;\">Genre<\/span><\/strong><\/h3>\n<p class=\"p1\"><b>Genre\u00a0<\/b>Drama<\/p>\n<p class=\"p1\"><b>Category\u00a0<\/b><\/p>\n<h3><\/h3>\n<h3><strong><span style=\"color: #d3ab1d;\">Trailer<\/span><\/strong><\/h3>\n<p>[\/vc_column_text][vc_video link=&#8221;https:\/\/youtu.be\/Km3on58wDSM&#8221;][\/vc_column][\/vc_row]<\/p>\n<\/div>","protected":false},"excerpt":{"rendered":"<p>[vc_row][vc_column width=&#8221;1\/4&#8243;][vc_single_image image=&#8221;6934&#8243; img_size=&#8221;medium&#8221;][\/vc_column][vc_column width=&#8221;3\/4&#8243;][vc_column_text]Ocho de cada diez Aurelio and Citlali meet each other in a small hotel of Mexico City during the darkest days of theirs lives. He just [&hellip;]<\/p>\n","protected":false},"author":1,"featured_media":0,"parent":0,"menu_order":0,"comment_status":"closed","ping_status":"closed","template":"","meta":{"footnotes":""},"class_list":["post-7021","page","type-page","status-publish","hentry"],"yoast_head":"<!-- This site is optimized with the Yoast SEO plugin v27.5 - https:\/\/yoast.com\/product\/yoast-seo-wordpress\/ -->\n<title>Ocho de cada diez - Maresme Film Festival<\/title>\n<meta name=\"robots\" content=\"index, follow, max-snippet:-1, max-image-preview:large, max-video-preview:-1\" \/>\n<link rel=\"canonical\" href=\"https:\/\/www.maresmefilmfestival.com\/en\/ocho-de-cada-diez\/\" \/>\n<meta property=\"og:locale\" content=\"en_US\" \/>\n<meta property=\"og:type\" content=\"article\" \/>\n<meta property=\"og:title\" content=\"Ocho de cada diez - Maresme Film Festival\" \/>\n<meta property=\"og:description\" content=\"[vc_row][vc_column width=&#8221;1\/4&#8243;][vc_single_image image=&#8221;6934&#8243; img_size=&#8221;medium&#8221;][\/vc_column][vc_column width=&#8221;3\/4&#8243;][vc_column_text]Ocho de cada diez Aurelio and Citlali meet each other in a small hotel of Mexico City during the darkest days of theirs lives. He just [&hellip;]\" \/>\n<meta property=\"og:url\" content=\"https:\/\/www.maresmefilmfestival.com\/en\/ocho-de-cada-diez\/\" \/>\n<meta property=\"og:site_name\" content=\"Maresme Film Festival\" \/>\n<meta property=\"article:publisher\" content=\"https:\/\/www.facebook.com\/Festival-de-Cinema-de-Calella-536425489872034\/?ref=hl\" \/>\n<meta name=\"twitter:card\" content=\"summary_large_image\" \/>\n<meta name=\"twitter:site\" content=\"@CalellaFilmFest\" \/>\n<meta name=\"twitter:label1\" content=\"Est. reading time\" \/>\n\t<meta name=\"twitter:data1\" content=\"1 minute\" \/>\n<script type=\"application\/ld+json\" class=\"yoast-schema-graph\">{\"@context\":\"https:\\\/\\\/schema.org\",\"@graph\":[{\"@type\":\"WebPage\",\"@id\":\"https:\\\/\\\/www.maresmefilmfestival.com\\\/en\\\/ocho-de-cada-diez\\\/\",\"url\":\"https:\\\/\\\/www.maresmefilmfestival.com\\\/en\\\/ocho-de-cada-diez\\\/\",\"name\":\"Ocho de cada diez - Maresme Film Festival\",\"isPartOf\":{\"@id\":\"https:\\\/\\\/www.maresmefilmfestival.com\\\/en\\\/#website\"},\"datePublished\":\"2019-04-30T10:12:06+00:00\",\"breadcrumb\":{\"@id\":\"https:\\\/\\\/www.maresmefilmfestival.com\\\/en\\\/ocho-de-cada-diez\\\/#breadcrumb\"},\"inLanguage\":\"en-US\",\"potentialAction\":[{\"@type\":\"ReadAction\",\"target\":[\"https:\\\/\\\/www.maresmefilmfestival.com\\\/en\\\/ocho-de-cada-diez\\\/\"]}]},{\"@type\":\"BreadcrumbList\",\"@id\":\"https:\\\/\\\/www.maresmefilmfestival.com\\\/en\\\/ocho-de-cada-diez\\\/#breadcrumb\",\"itemListElement\":[{\"@type\":\"ListItem\",\"position\":1,\"name\":\"Portada\",\"item\":\"https:\\\/\\\/www.maresmefilmfestival.com\\\/en\\\/\"},{\"@type\":\"ListItem\",\"position\":2,\"name\":\"Ocho de cada diez\"}]},{\"@type\":\"WebSite\",\"@id\":\"https:\\\/\\\/www.maresmefilmfestival.com\\\/en\\\/#website\",\"url\":\"https:\\\/\\\/www.maresmefilmfestival.com\\\/en\\\/\",\"name\":\"Maresme Film Festival\",\"description\":\"\",\"potentialAction\":[{\"@type\":\"SearchAction\",\"target\":{\"@type\":\"EntryPoint\",\"urlTemplate\":\"https:\\\/\\\/www.maresmefilmfestival.com\\\/en\\\/?s={search_term_string}\"},\"query-input\":{\"@type\":\"PropertyValueSpecification\",\"valueRequired\":true,\"valueName\":\"search_term_string\"}}],\"inLanguage\":\"en-US\"}]}<\/script>\n<!-- \/ Yoast SEO plugin. -->","yoast_head_json":{"title":"Ocho de cada diez - Maresme Film Festival","robots":{"index":"index","follow":"follow","max-snippet":"max-snippet:-1","max-image-preview":"max-image-preview:large","max-video-preview":"max-video-preview:-1"},"canonical":"https:\/\/www.maresmefilmfestival.com\/en\/ocho-de-cada-diez\/","og_locale":"en_US","og_type":"article","og_title":"Ocho de cada diez - Maresme Film Festival","og_description":"[vc_row][vc_column width=&#8221;1\/4&#8243;][vc_single_image image=&#8221;6934&#8243; img_size=&#8221;medium&#8221;][\/vc_column][vc_column width=&#8221;3\/4&#8243;][vc_column_text]Ocho de cada diez Aurelio and Citlali meet each other in a small hotel of Mexico City during the darkest days of theirs lives. He just [&hellip;]","og_url":"https:\/\/www.maresmefilmfestival.com\/en\/ocho-de-cada-diez\/","og_site_name":"Maresme Film Festival","article_publisher":"https:\/\/www.facebook.com\/Festival-de-Cinema-de-Calella-536425489872034\/?ref=hl","twitter_card":"summary_large_image","twitter_site":"@CalellaFilmFest","twitter_misc":{"Est. reading time":"1 minute"},"schema":{"@context":"https:\/\/schema.org","@graph":[{"@type":"WebPage","@id":"https:\/\/www.maresmefilmfestival.com\/en\/ocho-de-cada-diez\/","url":"https:\/\/www.maresmefilmfestival.com\/en\/ocho-de-cada-diez\/","name":"Ocho de cada diez - Maresme Film Festival","isPartOf":{"@id":"https:\/\/www.maresmefilmfestival.com\/en\/#website"},"datePublished":"2019-04-30T10:12:06+00:00","breadcrumb":{"@id":"https:\/\/www.maresmefilmfestival.com\/en\/ocho-de-cada-diez\/#breadcrumb"},"inLanguage":"en-US","potentialAction":[{"@type":"ReadAction","target":["https:\/\/www.maresmefilmfestival.com\/en\/ocho-de-cada-diez\/"]}]},{"@type":"BreadcrumbList","@id":"https:\/\/www.maresmefilmfestival.com\/en\/ocho-de-cada-diez\/#breadcrumb","itemListElement":[{"@type":"ListItem","position":1,"name":"Portada","item":"https:\/\/www.maresmefilmfestival.com\/en\/"},{"@type":"ListItem","position":2,"name":"Ocho de cada diez"}]},{"@type":"WebSite","@id":"https:\/\/www.maresmefilmfestival.com\/en\/#website","url":"https:\/\/www.maresmefilmfestival.com\/en\/","name":"Maresme Film Festival","description":"","potentialAction":[{"@type":"SearchAction","target":{"@type":"EntryPoint","urlTemplate":"https:\/\/www.maresmefilmfestival.com\/en\/?s={search_term_string}"},"query-input":{"@type":"PropertyValueSpecification","valueRequired":true,"valueName":"search_term_string"}}],"inLanguage":"en-US"}]}},"_links":{"self":[{"href":"https:\/\/www.maresmefilmfestival.com\/en\/wp-json\/wp\/v2\/pages\/7021","targetHints":{"allow":["GET"]}}],"collection":[{"href":"https:\/\/www.maresmefilmfestival.com\/en\/wp-json\/wp\/v2\/pages"}],"about":[{"href":"https:\/\/www.maresmefilmfestival.com\/en\/wp-json\/wp\/v2\/types\/page"}],"author":[{"embeddable":true,"href":"https:\/\/www.maresmefilmfestival.com\/en\/wp-json\/wp\/v2\/users\/1"}],"replies":[{"embeddable":true,"href":"https:\/\/www.maresmefilmfestival.com\/en\/wp-json\/wp\/v2\/comments?post=7021"}],"version-history":[{"count":0,"href":"https:\/\/www.maresmefilmfestival.com\/en\/wp-json\/wp\/v2\/pages\/7021\/revisions"}],"wp:attachment":[{"href":"https:\/\/www.maresmefilmfestival.com\/en\/wp-json\/wp\/v2\/media?parent=7021"}],"curies":[{"name":"wp","href":"https:\/\/api.w.org\/{rel}","templated":true}]}}

<div class="wpb-content-wrapper"><p>[vc_row][vc_column width=&#8221;1/4&#8243;][vc_single_image image=&#8221;6934&#8243; img_size=&#8221;medium&#8221;][/vc_column][vc_column width=&#8221;3/4&#8243;][vc_column_text]<strong>Ocho de cada diez</strong></p>
<p>Aurelio and Citlali meet each other in a small hotel of Mexico City during the darkest days of theirs lives. He just buried his son, murdered in broad daylight. She had to abandon her daughter with her violent father. Aurelio wants the police to do their job and capture his son’s murderers. Citlali needs a legal document to fight for her daughter’s custody. Their quest for justice soon transforms into the need for revenge. Love grows step by step, and a pact is forged between them: to help each other take justice into their own hands.[/vc_column_text][/vc_column][/vc_row][vc_row][vc_column width=&#8221;1/2&#8243;][vc_column_text]</p>
<h3 style="text-align: justify;"><strong><span style="color: #d3ab1d;">General Information</span></strong></h3>
<p class="p1"><strong>Original title </strong>Ocho de cada diez</p>
<p class="p1"><b>Year </b>2018</p>
<p class="p1"><strong>Run time</strong> 107 minutes</p>
<p class="p1"><b>Country </b>Mexico</p>
<p class="p1"><strong>Director</strong> Sergio Umansky</p>
<p class="p1"><strong>Screenwriter </strong>Sergio Umansky</p>
<p class="p1"><strong>Cinematography </strong>Miguel Escudero</p>
<p class="p1"><strong>Cast </strong>Noé Hernández, Daniela Schmidt, Raúl Briones, Edward Conrad, Adrián Ladrón, Claudia Frías, Mayra Sérbulo, Marifer Santillán</p>
<p class="p1"><strong>Language</strong> Spanish</p>
<p class="p1"><strong>Producer </strong>Arte Mecánica Producciones</p>
<p class="p1">
<p>[/vc_column_text][/vc_column][vc_column width=&#8221;1/2&#8243;][vc_column_text]</p>
<h3 style="text-align: justify;"><strong><span style="color: #d3ab1d;">Genre</span></strong></h3>
<p class="p1"><b>Genre </b>Drama</p>
<p class="p1"><b>Category </b></p>
<h3></h3>
<h3><strong><span style="color: #d3ab1d;">Trailer</span></strong></h3>
<p>[/vc_column_text][vc_video link=&#8221;https://youtu.be/Km3on58wDSM&#8221;][/vc_column][/vc_row]</p>
</div>
