{"id":10707,"date":"2024-10-15T09:52:44","date_gmt":"2024-10-15T08:52:44","guid":{"rendered":"https:\/\/www.maresmefilmfestival.com\/creative-rosebud-awards-2\/lo-carga-el-diablo\/"},"modified":"2024-10-15T10:25:15","modified_gmt":"2024-10-15T09:25:15","slug":"lo-carga-el-diablo","status":"publish","type":"page","link":"https:\/\/www.maresmefilmfestival.com\/en\/creative-rosebud-awards-2\/lo-carga-el-diablo\/","title":{"rendered":"Lo Carga El Diablo"},"content":{"rendered":"<div class=\"wpb-content-wrapper\"><p>[vc_row][vc_column width=&#8221;1\/4&#8243;][vc_single_image image=&#8221;10422&#8243; img_size=&#8221;medium&#8221; css=&#8221;&#8221;][vc_column_text][\/vc_column_text][\/vc_column][vc_column width=&#8221;3\/4&#8243;][vc_column_text css=&#8221;&#8221;]<strong>Lo carga el diablo<\/strong><\/p>\n<p>Trist\u00e1n is a frustrated writer. His routine life changes when he agrees to transport the frozen body of his troubled brother Sim\u00f3n from Asturias to Benidorm. Trist\u00e1n soon discovers that his brother&#8217;s past and mistakes haunt him. However, Alex, a young hitchhiker, will convince him that this trip is perhaps his last chance to live an authentic experience and leave his conformism behind.[\/vc_column_text][\/vc_column][\/vc_row][vc_row][vc_column width=&#8221;1\/2&#8243;][vc_column_text css=&#8221;&#8221;]<\/p>\n<h3 style=\"text-align: justify;\"><strong><span style=\"color: #d3ab1d;\">General Information<\/span><\/strong><\/h3>\n<p class=\"p1\"><strong>Original Title: <\/strong>Lo carga el diablo<\/p>\n<p><strong>Year:<\/strong> 2024<\/p>\n<p class=\"p1\"><strong>Running time:<\/strong> 93 minutes<\/p>\n<p class=\"p1\"><b>Country: <\/b>Spain<\/p>\n<p class=\"p1\"><strong>Direction:<\/strong> Guillermo Polo<\/p>\n<p><strong>Cast:<\/strong> Pablo Molinero, Mero Gonz\u00e1lez, Antonia San Juan, Isak F\u00e9rriz, Emilio Buale, Luifer Rodr\u00edguez, Itziar Castro<\/p>\n<p><strong>Producer:<\/strong> Los Hermanos Polo Film, Japonica Films, Volcano Films y Batiak Films<\/p>\n<p class=\"p1\"><strong>Language: <\/strong>V.O.E<\/p>\n<p>[\/vc_column_text][\/vc_column][vc_column width=&#8221;1\/2&#8243;][vc_column_text css=&#8221;&#8221;]<\/p>\n<h3 style=\"text-align: justify;\"><strong><span style=\"color: #d3ab1d;\">Genre<\/span><\/strong><\/h3>\n<p class=\"p1\">Black comedy<\/p>\n<h3><strong><span style=\"color: #d3ab1d;\">Trailer<\/span><\/strong><\/h3>\n<p>[\/vc_column_text][vc_video link=&#8221;https:\/\/youtu.be\/E1HILUipD-g?si=0SVt7rw8dXTZwvGo&#8221; css=&#8221;&#8221;][\/vc_column][\/vc_row]<\/p>\n<\/div>","protected":false},"excerpt":{"rendered":"<p>[vc_row][vc_column width=&#8221;1\/4&#8243;][vc_single_image image=&#8221;10422&#8243; img_size=&#8221;medium&#8221; css=&#8221;&#8221;][vc_column_text][\/vc_column_text][\/vc_column][vc_column width=&#8221;3\/4&#8243;][vc_column_text css=&#8221;&#8221;]Lo carga el diablo Trist\u00e1n is a frustrated writer. His routine life changes when he agrees to transport the frozen body of his troubled [&hellip;]<\/p>\n","protected":false},"author":1,"featured_media":0,"parent":10695,"menu_order":0,"comment_status":"closed","ping_status":"closed","template":"","meta":{"footnotes":""},"class_list":["post-10707","page","type-page","status-publish","hentry"],"yoast_head":"<!-- This site is optimized with the Yoast SEO plugin v27.5 - https:\/\/yoast.com\/product\/yoast-seo-wordpress\/ -->\n<title>Lo Carga El Diablo - Maresme Film Festival<\/title>\n<meta name=\"robots\" content=\"index, follow, max-snippet:-1, max-image-preview:large, max-video-preview:-1\" \/>\n<link rel=\"canonical\" href=\"https:\/\/www.maresmefilmfestival.com\/en\/creative-rosebud-awards-2\/lo-carga-el-diablo\/\" \/>\n<meta property=\"og:locale\" content=\"en_US\" \/>\n<meta property=\"og:type\" content=\"article\" \/>\n<meta property=\"og:title\" content=\"Lo Carga El Diablo - Maresme Film Festival\" \/>\n<meta property=\"og:description\" content=\"[vc_row][vc_column width=&#8221;1\/4&#8243;][vc_single_image image=&#8221;10422&#8243; img_size=&#8221;medium&#8221; css=&#8221;&#8221;][vc_column_text][\/vc_column_text][\/vc_column][vc_column width=&#8221;3\/4&#8243;][vc_column_text css=&#8221;&#8221;]Lo carga el diablo Trist\u00e1n is a frustrated writer. His routine life changes when he agrees to transport the frozen body of his troubled [&hellip;]\" \/>\n<meta property=\"og:url\" content=\"https:\/\/www.maresmefilmfestival.com\/en\/creative-rosebud-awards-2\/lo-carga-el-diablo\/\" \/>\n<meta property=\"og:site_name\" content=\"Maresme Film Festival\" \/>\n<meta property=\"article:publisher\" content=\"https:\/\/www.facebook.com\/Festival-de-Cinema-de-Calella-536425489872034\/?ref=hl\" \/>\n<meta property=\"article:modified_time\" content=\"2024-10-15T09:25:15+00:00\" \/>\n<meta name=\"twitter:card\" content=\"summary_large_image\" \/>\n<meta name=\"twitter:site\" content=\"@CalellaFilmFest\" \/>\n<meta name=\"twitter:label1\" content=\"Est. reading time\" \/>\n\t<meta name=\"twitter:data1\" content=\"1 minute\" \/>\n<script type=\"application\/ld+json\" class=\"yoast-schema-graph\">{\"@context\":\"https:\\\/\\\/schema.org\",\"@graph\":[{\"@type\":\"WebPage\",\"@id\":\"https:\\\/\\\/www.maresmefilmfestival.com\\\/en\\\/creative-rosebud-awards-2\\\/lo-carga-el-diablo\\\/\",\"url\":\"https:\\\/\\\/www.maresmefilmfestival.com\\\/en\\\/creative-rosebud-awards-2\\\/lo-carga-el-diablo\\\/\",\"name\":\"Lo Carga El Diablo - Maresme Film Festival\",\"isPartOf\":{\"@id\":\"https:\\\/\\\/www.maresmefilmfestival.com\\\/en\\\/#website\"},\"datePublished\":\"2024-10-15T08:52:44+00:00\",\"dateModified\":\"2024-10-15T09:25:15+00:00\",\"breadcrumb\":{\"@id\":\"https:\\\/\\\/www.maresmefilmfestival.com\\\/en\\\/creative-rosebud-awards-2\\\/lo-carga-el-diablo\\\/#breadcrumb\"},\"inLanguage\":\"en-US\",\"potentialAction\":[{\"@type\":\"ReadAction\",\"target\":[\"https:\\\/\\\/www.maresmefilmfestival.com\\\/en\\\/creative-rosebud-awards-2\\\/lo-carga-el-diablo\\\/\"]}]},{\"@type\":\"BreadcrumbList\",\"@id\":\"https:\\\/\\\/www.maresmefilmfestival.com\\\/en\\\/creative-rosebud-awards-2\\\/lo-carga-el-diablo\\\/#breadcrumb\",\"itemListElement\":[{\"@type\":\"ListItem\",\"position\":1,\"name\":\"Portada\",\"item\":\"https:\\\/\\\/www.maresmefilmfestival.com\\\/en\\\/\"},{\"@type\":\"ListItem\",\"position\":2,\"name\":\"Creative Rosebud Awards\",\"item\":\"https:\\\/\\\/www.maresmefilmfestival.com\\\/en\\\/creative-rosebud-awards-2\\\/\"},{\"@type\":\"ListItem\",\"position\":3,\"name\":\"Lo Carga El Diablo\"}]},{\"@type\":\"WebSite\",\"@id\":\"https:\\\/\\\/www.maresmefilmfestival.com\\\/en\\\/#website\",\"url\":\"https:\\\/\\\/www.maresmefilmfestival.com\\\/en\\\/\",\"name\":\"Maresme Film Festival\",\"description\":\"\",\"potentialAction\":[{\"@type\":\"SearchAction\",\"target\":{\"@type\":\"EntryPoint\",\"urlTemplate\":\"https:\\\/\\\/www.maresmefilmfestival.com\\\/en\\\/?s={search_term_string}\"},\"query-input\":{\"@type\":\"PropertyValueSpecification\",\"valueRequired\":true,\"valueName\":\"search_term_string\"}}],\"inLanguage\":\"en-US\"}]}<\/script>\n<!-- \/ Yoast SEO plugin. -->","yoast_head_json":{"title":"Lo Carga El Diablo - Maresme Film Festival","robots":{"index":"index","follow":"follow","max-snippet":"max-snippet:-1","max-image-preview":"max-image-preview:large","max-video-preview":"max-video-preview:-1"},"canonical":"https:\/\/www.maresmefilmfestival.com\/en\/creative-rosebud-awards-2\/lo-carga-el-diablo\/","og_locale":"en_US","og_type":"article","og_title":"Lo Carga El Diablo - Maresme Film Festival","og_description":"[vc_row][vc_column width=&#8221;1\/4&#8243;][vc_single_image image=&#8221;10422&#8243; img_size=&#8221;medium&#8221; css=&#8221;&#8221;][vc_column_text][\/vc_column_text][\/vc_column][vc_column width=&#8221;3\/4&#8243;][vc_column_text css=&#8221;&#8221;]Lo carga el diablo Trist\u00e1n is a frustrated writer. His routine life changes when he agrees to transport the frozen body of his troubled [&hellip;]","og_url":"https:\/\/www.maresmefilmfestival.com\/en\/creative-rosebud-awards-2\/lo-carga-el-diablo\/","og_site_name":"Maresme Film Festival","article_publisher":"https:\/\/www.facebook.com\/Festival-de-Cinema-de-Calella-536425489872034\/?ref=hl","article_modified_time":"2024-10-15T09:25:15+00:00","twitter_card":"summary_large_image","twitter_site":"@CalellaFilmFest","twitter_misc":{"Est. reading time":"1 minute"},"schema":{"@context":"https:\/\/schema.org","@graph":[{"@type":"WebPage","@id":"https:\/\/www.maresmefilmfestival.com\/en\/creative-rosebud-awards-2\/lo-carga-el-diablo\/","url":"https:\/\/www.maresmefilmfestival.com\/en\/creative-rosebud-awards-2\/lo-carga-el-diablo\/","name":"Lo Carga El Diablo - Maresme Film Festival","isPartOf":{"@id":"https:\/\/www.maresmefilmfestival.com\/en\/#website"},"datePublished":"2024-10-15T08:52:44+00:00","dateModified":"2024-10-15T09:25:15+00:00","breadcrumb":{"@id":"https:\/\/www.maresmefilmfestival.com\/en\/creative-rosebud-awards-2\/lo-carga-el-diablo\/#breadcrumb"},"inLanguage":"en-US","potentialAction":[{"@type":"ReadAction","target":["https:\/\/www.maresmefilmfestival.com\/en\/creative-rosebud-awards-2\/lo-carga-el-diablo\/"]}]},{"@type":"BreadcrumbList","@id":"https:\/\/www.maresmefilmfestival.com\/en\/creative-rosebud-awards-2\/lo-carga-el-diablo\/#breadcrumb","itemListElement":[{"@type":"ListItem","position":1,"name":"Portada","item":"https:\/\/www.maresmefilmfestival.com\/en\/"},{"@type":"ListItem","position":2,"name":"Creative Rosebud Awards","item":"https:\/\/www.maresmefilmfestival.com\/en\/creative-rosebud-awards-2\/"},{"@type":"ListItem","position":3,"name":"Lo Carga El Diablo"}]},{"@type":"WebSite","@id":"https:\/\/www.maresmefilmfestival.com\/en\/#website","url":"https:\/\/www.maresmefilmfestival.com\/en\/","name":"Maresme Film Festival","description":"","potentialAction":[{"@type":"SearchAction","target":{"@type":"EntryPoint","urlTemplate":"https:\/\/www.maresmefilmfestival.com\/en\/?s={search_term_string}"},"query-input":{"@type":"PropertyValueSpecification","valueRequired":true,"valueName":"search_term_string"}}],"inLanguage":"en-US"}]}},"_links":{"self":[{"href":"https:\/\/www.maresmefilmfestival.com\/en\/wp-json\/wp\/v2\/pages\/10707","targetHints":{"allow":["GET"]}}],"collection":[{"href":"https:\/\/www.maresmefilmfestival.com\/en\/wp-json\/wp\/v2\/pages"}],"about":[{"href":"https:\/\/www.maresmefilmfestival.com\/en\/wp-json\/wp\/v2\/types\/page"}],"author":[{"embeddable":true,"href":"https:\/\/www.maresmefilmfestival.com\/en\/wp-json\/wp\/v2\/users\/1"}],"replies":[{"embeddable":true,"href":"https:\/\/www.maresmefilmfestival.com\/en\/wp-json\/wp\/v2\/comments?post=10707"}],"version-history":[{"count":0,"href":"https:\/\/www.maresmefilmfestival.com\/en\/wp-json\/wp\/v2\/pages\/10707\/revisions"}],"up":[{"embeddable":true,"href":"https:\/\/www.maresmefilmfestival.com\/en\/wp-json\/wp\/v2\/pages\/10695"}],"wp:attachment":[{"href":"https:\/\/www.maresmefilmfestival.com\/en\/wp-json\/wp\/v2\/media?parent=10707"}],"curies":[{"name":"wp","href":"https:\/\/api.w.org\/{rel}","templated":true}]}}

<div class="wpb-content-wrapper"><p>[vc_row][vc_column width=&#8221;1/4&#8243;][vc_single_image image=&#8221;10422&#8243; img_size=&#8221;medium&#8221; css=&#8221;&#8221;][vc_column_text][/vc_column_text][/vc_column][vc_column width=&#8221;3/4&#8243;][vc_column_text css=&#8221;&#8221;]<strong>Lo carga el diablo</strong></p>
<p>Tristán is a frustrated writer. His routine life changes when he agrees to transport the frozen body of his troubled brother Simón from Asturias to Benidorm. Tristán soon discovers that his brother&#8217;s past and mistakes haunt him. However, Alex, a young hitchhiker, will convince him that this trip is perhaps his last chance to live an authentic experience and leave his conformism behind.[/vc_column_text][/vc_column][/vc_row][vc_row][vc_column width=&#8221;1/2&#8243;][vc_column_text css=&#8221;&#8221;]</p>
<h3 style="text-align: justify;"><strong><span style="color: #d3ab1d;">General Information</span></strong></h3>
<p class="p1"><strong>Original Title: </strong>Lo carga el diablo</p>
<p><strong>Year:</strong> 2024</p>
<p class="p1"><strong>Running time:</strong> 93 minutes</p>
<p class="p1"><b>Country: </b>Spain</p>
<p class="p1"><strong>Direction:</strong> Guillermo Polo</p>
<p><strong>Cast:</strong> Pablo Molinero, Mero González, Antonia San Juan, Isak Férriz, Emilio Buale, Luifer Rodríguez, Itziar Castro</p>
<p><strong>Producer:</strong> Los Hermanos Polo Film, Japonica Films, Volcano Films y Batiak Films</p>
<p class="p1"><strong>Language: </strong>V.O.E</p>
<p>[/vc_column_text][/vc_column][vc_column width=&#8221;1/2&#8243;][vc_column_text css=&#8221;&#8221;]</p>
<h3 style="text-align: justify;"><strong><span style="color: #d3ab1d;">Genre</span></strong></h3>
<p class="p1">Black comedy</p>
<h3><strong><span style="color: #d3ab1d;">Trailer</span></strong></h3>
<p>[/vc_column_text][vc_video link=&#8221;https://youtu.be/E1HILUipD-g?si=0SVt7rw8dXTZwvGo&#8221; css=&#8221;&#8221;][/vc_column][/vc_row]</p>
</div>

<p>[vc_row][vc_column width=&#8221;1/4&#8243;][vc_single_image image=&#8221;10422&#8243; img_size=&#8221;medium&#8221; css=&#8221;&#8221;][vc_column_text][/vc_column_text][/vc_column][vc_column width=&#8221;3/4&#8243;][vc_column_text css=&#8221;&#8221;]Lo carga el diablo Tristán is a frustrated writer. His routine life changes when he agrees to transport the frozen body of his troubled [&hellip;]</p>

<!-- This site is optimized with the Yoast SEO plugin v27.5 - https://yoast.com/product/yoast-seo-wordpress/ -->
<title>Lo Carga El Diablo - Maresme Film Festival</title>
<meta name="robots" content="index, follow, max-snippet:-1, max-image-preview:large, max-video-preview:-1" />
<link rel="canonical" href="https://www.maresmefilmfestival.com/en/creative-rosebud-awards-2/lo-carga-el-diablo/" />
<meta property="og:locale" content="en_US" />
<meta property="og:type" content="article" />
<meta property="og:title" content="Lo Carga El Diablo - Maresme Film Festival" />
<meta property="og:description" content="[vc_row][vc_column width=&#8221;1/4&#8243;][vc_single_image image=&#8221;10422&#8243; img_size=&#8221;medium&#8221; css=&#8221;&#8221;][vc_column_text][/vc_column_text][/vc_column][vc_column width=&#8221;3/4&#8243;][vc_column_text css=&#8221;&#8221;]Lo carga el diablo Tristán is a frustrated writer. His routine life changes when he agrees to transport the frozen body of his troubled [&hellip;]" />
<meta property="og:url" content="https://www.maresmefilmfestival.com/en/creative-rosebud-awards-2/lo-carga-el-diablo/" />
<meta property="og:site_name" content="Maresme Film Festival" />
<meta property="article:publisher" content="https://www.facebook.com/Festival-de-Cinema-de-Calella-536425489872034/?ref=hl" />
<meta property="article:modified_time" content="2024-10-15T09:25:15+00:00" />
<meta name="twitter:card" content="summary_large_image" />
<meta name="twitter:site" content="@CalellaFilmFest" />
<meta name="twitter:label1" content="Est. reading time" />
	<meta name="twitter:data1" content="1 minute" />
<script type="application/ld+json" class="yoast-schema-graph">{"@context":"https:\/\/schema.org","@graph":[{"@type":"WebPage","@id":"https:\/\/www.maresmefilmfestival.com\/en\/creative-rosebud-awards-2\/lo-carga-el-diablo\/","url":"https:\/\/www.maresmefilmfestival.com\/en\/creative-rosebud-awards-2\/lo-carga-el-diablo\/","name":"Lo Carga El Diablo - Maresme Film Festival","isPartOf":{"@id":"https:\/\/www.maresmefilmfestival.com\/en\/#website"},"datePublished":"2024-10-15T08:52:44+00:00","dateModified":"2024-10-15T09:25:15+00:00","breadcrumb":{"@id":"https:\/\/www.maresmefilmfestival.com\/en\/creative-rosebud-awards-2\/lo-carga-el-diablo\/#breadcrumb"},"inLanguage":"en-US","potentialAction":[{"@type":"ReadAction","target":["https:\/\/www.maresmefilmfestival.com\/en\/creative-rosebud-awards-2\/lo-carga-el-diablo\/"]}]},{"@type":"BreadcrumbList","@id":"https:\/\/www.maresmefilmfestival.com\/en\/creative-rosebud-awards-2\/lo-carga-el-diablo\/#breadcrumb","itemListElement":[{"@type":"ListItem","position":1,"name":"Portada","item":"https:\/\/www.maresmefilmfestival.com\/en\/"},{"@type":"ListItem","position":2,"name":"Creative Rosebud Awards","item":"https:\/\/www.maresmefilmfestival.com\/en\/creative-rosebud-awards-2\/"},{"@type":"ListItem","position":3,"name":"Lo Carga El Diablo"}]},{"@type":"WebSite","@id":"https:\/\/www.maresmefilmfestival.com\/en\/#website","url":"https:\/\/www.maresmefilmfestival.com\/en\/","name":"Maresme Film Festival","description":"","potentialAction":[{"@type":"SearchAction","target":{"@type":"EntryPoint","urlTemplate":"https:\/\/www.maresmefilmfestival.com\/en\/?s={search_term_string}"},"query-input":{"@type":"PropertyValueSpecification","valueRequired":true,"valueName":"search_term_string"}}],"inLanguage":"en-US"}]}</script>
<!-- / Yoast SEO plugin. -->

[vc_row][vc_column width=&#8221;1/4&#8243;][vc_single_image image=&#8221;10422&#8243; img_size=&#8221;medium&#8221; css=&#8221;&#8221;][vc_column_text][/vc_column_text][/vc_column][vc_column width=&#8221;3/4&#8243;][vc_column_text css=&#8221;&#8221;]Lo carga el diablo Tristán is a frustrated writer. His routine life changes when he agrees to transport the frozen body of his troubled [&hellip;]
