{"id":10704,"date":"2024-10-15T09:51:45","date_gmt":"2024-10-15T08:51:45","guid":{"rendered":"https:\/\/www.maresmefilmfestival.com\/creative-rosebud-awards-2\/la-casa\/"},"modified":"2024-10-15T10:20:53","modified_gmt":"2024-10-15T09:20:53","slug":"la-casa","status":"publish","type":"page","link":"https:\/\/www.maresmefilmfestival.com\/en\/creative-rosebud-awards-2\/la-casa\/","title":{"rendered":"La casa"},"content":{"rendered":"<div class=\"wpb-content-wrapper\"><p>[vc_row][vc_column width=&#8221;1\/4&#8243;][vc_single_image image=&#8221;10419&#8243; img_size=&#8221;medium&#8221; css=&#8221;&#8221;][vc_column_text][\/vc_column_text][\/vc_column][vc_column width=&#8221;3\/4&#8243;][vc_column_text css=&#8221;&#8221;]<strong>La casa<\/strong><\/p>\n<p>After the death of their father, three brothers reunite in the family home where they spent their childhood summers. They must decide what to do with the house, something that will turn out to be more difficult than they expected. With a bittersweet tone peppered with humour, The House tells us about family, inheritance and the inexorable passage of time, all under the gaze of the house as a witness.<br \/>\nWinner of 6 awards at the Malaga Film Festival, including the Audience Award, Best Screenplay and Best Music. A film by \u00c1lex Montoya (Lucas), based on the Eisner Award-winning graphic novel of the same name by Paco Roca. A film about family, inheritance and the inexorable passage of time. With an ensemble cast headed by Goya winner David Verdaguer (Uno para todos) and Luis Callejo (Intemperie), this is a film about family, inheritance and the inexorable passing of time.[\/vc_column_text][\/vc_column][\/vc_row][vc_row][vc_column width=&#8221;1\/2&#8243;][vc_column_text css=&#8221;&#8221;]<\/p>\n<h3 style=\"text-align: justify;\"><strong><span style=\"color: #d3ab1d;\">General Information<\/span><\/strong><\/h3>\n<p class=\"p1\"><strong>Original Title: <\/strong>La casa<\/p>\n<p><strong>Year:<\/strong> 2024<\/p>\n<p class=\"p1\"><strong>Running time:<\/strong> 83 minutes<\/p>\n<p class=\"p1\"><b>Country: <\/b>Spain<\/p>\n<p class=\"p1\"><strong>Direction:<\/strong> \u00c1lex Montoya<\/p>\n<p class=\"p1\"><strong>Screenwriter: <\/strong>Joana M. Ortueta,\u00c1lex Montoya<\/p>\n<p><strong>Cast:<\/strong> David Verdaguer,Luis Callejo,Olivia Molina,Marta Belenguer,\u00d3scar de la Fuente,Lorena L\u00f3pez,Mar\u00eda Romanillos<\/p>\n<p class=\"p1\"><strong>Language: <\/strong>V.O.E<\/p>\n<p>[\/vc_column_text][\/vc_column][vc_column width=&#8221;1\/2&#8243;][vc_column_text css=&#8221;&#8221;]<\/p>\n<h3 style=\"text-align: justify;\"><strong><span style=\"color: #d3ab1d;\">Genre<\/span><\/strong><\/h3>\n<p class=\"p1\">Comedy, Drama<\/p>\n<h3><strong><span style=\"color: #d3ab1d;\">Trailer<\/span><\/strong><\/h3>\n<p>[\/vc_column_text][vc_video link=&#8221;https:\/\/youtu.be\/fLn3bPeu6ro?si=iY0t8qb2SE4Ywtg8&#8243; css=&#8221;&#8221;][\/vc_column][\/vc_row]<\/p>\n<\/div>","protected":false},"excerpt":{"rendered":"<p>[vc_row][vc_column width=&#8221;1\/4&#8243;][vc_single_image image=&#8221;10419&#8243; img_size=&#8221;medium&#8221; css=&#8221;&#8221;][vc_column_text][\/vc_column_text][\/vc_column][vc_column width=&#8221;3\/4&#8243;][vc_column_text css=&#8221;&#8221;]La casa After the death of their father, three brothers reunite in the family home where they spent their childhood summers. They must decide [&hellip;]<\/p>\n","protected":false},"author":1,"featured_media":0,"parent":10695,"menu_order":0,"comment_status":"closed","ping_status":"closed","template":"","meta":{"footnotes":""},"class_list":["post-10704","page","type-page","status-publish","hentry"],"yoast_head":"<!-- This site is optimized with the Yoast SEO plugin v27.5 - https:\/\/yoast.com\/product\/yoast-seo-wordpress\/ -->\n<title>La casa - Maresme Film Festival<\/title>\n<meta name=\"robots\" content=\"index, follow, max-snippet:-1, max-image-preview:large, max-video-preview:-1\" \/>\n<link rel=\"canonical\" href=\"https:\/\/www.maresmefilmfestival.com\/en\/creative-rosebud-awards-2\/la-casa\/\" \/>\n<meta property=\"og:locale\" content=\"en_US\" \/>\n<meta property=\"og:type\" content=\"article\" \/>\n<meta property=\"og:title\" content=\"La casa - Maresme Film Festival\" \/>\n<meta property=\"og:description\" content=\"[vc_row][vc_column width=&#8221;1\/4&#8243;][vc_single_image image=&#8221;10419&#8243; img_size=&#8221;medium&#8221; css=&#8221;&#8221;][vc_column_text][\/vc_column_text][\/vc_column][vc_column width=&#8221;3\/4&#8243;][vc_column_text css=&#8221;&#8221;]La casa After the death of their father, three brothers reunite in the family home where they spent their childhood summers. They must decide [&hellip;]\" \/>\n<meta property=\"og:url\" content=\"https:\/\/www.maresmefilmfestival.com\/en\/creative-rosebud-awards-2\/la-casa\/\" \/>\n<meta property=\"og:site_name\" content=\"Maresme Film Festival\" \/>\n<meta property=\"article:publisher\" content=\"https:\/\/www.facebook.com\/Festival-de-Cinema-de-Calella-536425489872034\/?ref=hl\" \/>\n<meta property=\"article:modified_time\" content=\"2024-10-15T09:20:53+00:00\" \/>\n<meta name=\"twitter:card\" content=\"summary_large_image\" \/>\n<meta name=\"twitter:site\" content=\"@CalellaFilmFest\" \/>\n<meta name=\"twitter:label1\" content=\"Est. reading time\" \/>\n\t<meta name=\"twitter:data1\" content=\"2 minutes\" \/>\n<script type=\"application\/ld+json\" class=\"yoast-schema-graph\">{\"@context\":\"https:\\\/\\\/schema.org\",\"@graph\":[{\"@type\":\"WebPage\",\"@id\":\"https:\\\/\\\/www.maresmefilmfestival.com\\\/en\\\/creative-rosebud-awards-2\\\/la-casa\\\/\",\"url\":\"https:\\\/\\\/www.maresmefilmfestival.com\\\/en\\\/creative-rosebud-awards-2\\\/la-casa\\\/\",\"name\":\"La casa - Maresme Film Festival\",\"isPartOf\":{\"@id\":\"https:\\\/\\\/www.maresmefilmfestival.com\\\/en\\\/#website\"},\"datePublished\":\"2024-10-15T08:51:45+00:00\",\"dateModified\":\"2024-10-15T09:20:53+00:00\",\"breadcrumb\":{\"@id\":\"https:\\\/\\\/www.maresmefilmfestival.com\\\/en\\\/creative-rosebud-awards-2\\\/la-casa\\\/#breadcrumb\"},\"inLanguage\":\"en-US\",\"potentialAction\":[{\"@type\":\"ReadAction\",\"target\":[\"https:\\\/\\\/www.maresmefilmfestival.com\\\/en\\\/creative-rosebud-awards-2\\\/la-casa\\\/\"]}]},{\"@type\":\"BreadcrumbList\",\"@id\":\"https:\\\/\\\/www.maresmefilmfestival.com\\\/en\\\/creative-rosebud-awards-2\\\/la-casa\\\/#breadcrumb\",\"itemListElement\":[{\"@type\":\"ListItem\",\"position\":1,\"name\":\"Portada\",\"item\":\"https:\\\/\\\/www.maresmefilmfestival.com\\\/en\\\/\"},{\"@type\":\"ListItem\",\"position\":2,\"name\":\"Creative Rosebud Awards\",\"item\":\"https:\\\/\\\/www.maresmefilmfestival.com\\\/en\\\/creative-rosebud-awards-2\\\/\"},{\"@type\":\"ListItem\",\"position\":3,\"name\":\"La casa\"}]},{\"@type\":\"WebSite\",\"@id\":\"https:\\\/\\\/www.maresmefilmfestival.com\\\/en\\\/#website\",\"url\":\"https:\\\/\\\/www.maresmefilmfestival.com\\\/en\\\/\",\"name\":\"Maresme Film Festival\",\"description\":\"\",\"potentialAction\":[{\"@type\":\"SearchAction\",\"target\":{\"@type\":\"EntryPoint\",\"urlTemplate\":\"https:\\\/\\\/www.maresmefilmfestival.com\\\/en\\\/?s={search_term_string}\"},\"query-input\":{\"@type\":\"PropertyValueSpecification\",\"valueRequired\":true,\"valueName\":\"search_term_string\"}}],\"inLanguage\":\"en-US\"}]}<\/script>\n<!-- \/ Yoast SEO plugin. -->","yoast_head_json":{"title":"La casa - Maresme Film Festival","robots":{"index":"index","follow":"follow","max-snippet":"max-snippet:-1","max-image-preview":"max-image-preview:large","max-video-preview":"max-video-preview:-1"},"canonical":"https:\/\/www.maresmefilmfestival.com\/en\/creative-rosebud-awards-2\/la-casa\/","og_locale":"en_US","og_type":"article","og_title":"La casa - Maresme Film Festival","og_description":"[vc_row][vc_column width=&#8221;1\/4&#8243;][vc_single_image image=&#8221;10419&#8243; img_size=&#8221;medium&#8221; css=&#8221;&#8221;][vc_column_text][\/vc_column_text][\/vc_column][vc_column width=&#8221;3\/4&#8243;][vc_column_text css=&#8221;&#8221;]La casa After the death of their father, three brothers reunite in the family home where they spent their childhood summers. They must decide [&hellip;]","og_url":"https:\/\/www.maresmefilmfestival.com\/en\/creative-rosebud-awards-2\/la-casa\/","og_site_name":"Maresme Film Festival","article_publisher":"https:\/\/www.facebook.com\/Festival-de-Cinema-de-Calella-536425489872034\/?ref=hl","article_modified_time":"2024-10-15T09:20:53+00:00","twitter_card":"summary_large_image","twitter_site":"@CalellaFilmFest","twitter_misc":{"Est. reading time":"2 minutes"},"schema":{"@context":"https:\/\/schema.org","@graph":[{"@type":"WebPage","@id":"https:\/\/www.maresmefilmfestival.com\/en\/creative-rosebud-awards-2\/la-casa\/","url":"https:\/\/www.maresmefilmfestival.com\/en\/creative-rosebud-awards-2\/la-casa\/","name":"La casa - Maresme Film Festival","isPartOf":{"@id":"https:\/\/www.maresmefilmfestival.com\/en\/#website"},"datePublished":"2024-10-15T08:51:45+00:00","dateModified":"2024-10-15T09:20:53+00:00","breadcrumb":{"@id":"https:\/\/www.maresmefilmfestival.com\/en\/creative-rosebud-awards-2\/la-casa\/#breadcrumb"},"inLanguage":"en-US","potentialAction":[{"@type":"ReadAction","target":["https:\/\/www.maresmefilmfestival.com\/en\/creative-rosebud-awards-2\/la-casa\/"]}]},{"@type":"BreadcrumbList","@id":"https:\/\/www.maresmefilmfestival.com\/en\/creative-rosebud-awards-2\/la-casa\/#breadcrumb","itemListElement":[{"@type":"ListItem","position":1,"name":"Portada","item":"https:\/\/www.maresmefilmfestival.com\/en\/"},{"@type":"ListItem","position":2,"name":"Creative Rosebud Awards","item":"https:\/\/www.maresmefilmfestival.com\/en\/creative-rosebud-awards-2\/"},{"@type":"ListItem","position":3,"name":"La casa"}]},{"@type":"WebSite","@id":"https:\/\/www.maresmefilmfestival.com\/en\/#website","url":"https:\/\/www.maresmefilmfestival.com\/en\/","name":"Maresme Film Festival","description":"","potentialAction":[{"@type":"SearchAction","target":{"@type":"EntryPoint","urlTemplate":"https:\/\/www.maresmefilmfestival.com\/en\/?s={search_term_string}"},"query-input":{"@type":"PropertyValueSpecification","valueRequired":true,"valueName":"search_term_string"}}],"inLanguage":"en-US"}]}},"_links":{"self":[{"href":"https:\/\/www.maresmefilmfestival.com\/en\/wp-json\/wp\/v2\/pages\/10704","targetHints":{"allow":["GET"]}}],"collection":[{"href":"https:\/\/www.maresmefilmfestival.com\/en\/wp-json\/wp\/v2\/pages"}],"about":[{"href":"https:\/\/www.maresmefilmfestival.com\/en\/wp-json\/wp\/v2\/types\/page"}],"author":[{"embeddable":true,"href":"https:\/\/www.maresmefilmfestival.com\/en\/wp-json\/wp\/v2\/users\/1"}],"replies":[{"embeddable":true,"href":"https:\/\/www.maresmefilmfestival.com\/en\/wp-json\/wp\/v2\/comments?post=10704"}],"version-history":[{"count":0,"href":"https:\/\/www.maresmefilmfestival.com\/en\/wp-json\/wp\/v2\/pages\/10704\/revisions"}],"up":[{"embeddable":true,"href":"https:\/\/www.maresmefilmfestival.com\/en\/wp-json\/wp\/v2\/pages\/10695"}],"wp:attachment":[{"href":"https:\/\/www.maresmefilmfestival.com\/en\/wp-json\/wp\/v2\/media?parent=10704"}],"curies":[{"name":"wp","href":"https:\/\/api.w.org\/{rel}","templated":true}]}}

<div class="wpb-content-wrapper"><p>[vc_row][vc_column width=&#8221;1/4&#8243;][vc_single_image image=&#8221;10419&#8243; img_size=&#8221;medium&#8221; css=&#8221;&#8221;][vc_column_text][/vc_column_text][/vc_column][vc_column width=&#8221;3/4&#8243;][vc_column_text css=&#8221;&#8221;]<strong>La casa</strong></p>
<p>After the death of their father, three brothers reunite in the family home where they spent their childhood summers. They must decide what to do with the house, something that will turn out to be more difficult than they expected. With a bittersweet tone peppered with humour, The House tells us about family, inheritance and the inexorable passage of time, all under the gaze of the house as a witness.<br />
Winner of 6 awards at the Malaga Film Festival, including the Audience Award, Best Screenplay and Best Music. A film by Álex Montoya (Lucas), based on the Eisner Award-winning graphic novel of the same name by Paco Roca. A film about family, inheritance and the inexorable passage of time. With an ensemble cast headed by Goya winner David Verdaguer (Uno para todos) and Luis Callejo (Intemperie), this is a film about family, inheritance and the inexorable passing of time.[/vc_column_text][/vc_column][/vc_row][vc_row][vc_column width=&#8221;1/2&#8243;][vc_column_text css=&#8221;&#8221;]</p>
<h3 style="text-align: justify;"><strong><span style="color: #d3ab1d;">General Information</span></strong></h3>
<p class="p1"><strong>Original Title: </strong>La casa</p>
<p><strong>Year:</strong> 2024</p>
<p class="p1"><strong>Running time:</strong> 83 minutes</p>
<p class="p1"><b>Country: </b>Spain</p>
<p class="p1"><strong>Direction:</strong> Álex Montoya</p>
<p class="p1"><strong>Screenwriter: </strong>Joana M. Ortueta,Álex Montoya</p>
<p><strong>Cast:</strong> David Verdaguer,Luis Callejo,Olivia Molina,Marta Belenguer,Óscar de la Fuente,Lorena López,María Romanillos</p>
<p class="p1"><strong>Language: </strong>V.O.E</p>
<p>[/vc_column_text][/vc_column][vc_column width=&#8221;1/2&#8243;][vc_column_text css=&#8221;&#8221;]</p>
<h3 style="text-align: justify;"><strong><span style="color: #d3ab1d;">Genre</span></strong></h3>
<p class="p1">Comedy, Drama</p>
<h3><strong><span style="color: #d3ab1d;">Trailer</span></strong></h3>
<p>[/vc_column_text][vc_video link=&#8221;https://youtu.be/fLn3bPeu6ro?si=iY0t8qb2SE4Ywtg8&#8243; css=&#8221;&#8221;][/vc_column][/vc_row]</p>
</div>
