{"id":10701,"date":"2024-10-15T09:50:27","date_gmt":"2024-10-15T08:50:27","guid":{"rendered":"https:\/\/www.maresmefilmfestival.com\/creative-rosebud-awards-2\/daaaaaali\/"},"modified":"2024-10-15T10:17:55","modified_gmt":"2024-10-15T09:17:55","slug":"daaaaaali","status":"publish","type":"page","link":"https:\/\/www.maresmefilmfestival.com\/en\/creative-rosebud-awards-2\/daaaaaali\/","title":{"rendered":"Daaaaaal\u00ed"},"content":{"rendered":"<div class=\"wpb-content-wrapper\"><p>[vc_row][vc_column width=&#8221;1\/4&#8243;][vc_single_image image=&#8221;10416&#8243; img_size=&#8221;medium&#8221; css=&#8221;&#8221;][vc_column_text][\/vc_column_text][\/vc_column][vc_column width=&#8221;3\/4&#8243;][vc_column_text css=&#8221;&#8221;]<strong>Daaaaaal\u00ed<\/strong><\/p>\n<p>A young French journalist meets the iconic surrealist artist Salvador Dal\u00ed on several occasions for a documentary project that never came to fruition.<br \/>\nDALI, the new comedy written and directed by acclaimed French director Quentin Dupieux (\u2018Smoking Causes Coughing\u2019, \u2018Jaws\u2019, \u2018Rubber\u2019, \u2018R\u00e9alit\u00e9\u2019), was presented in the Official Selection at the last Venice Film Festival and was unanimously awarded the Critics&#8217; Prize at the BCN Film Fest. The film stars C\u00e9sar winner Ana\u00efs Demoustier, Gilles Lellouche, Edouard Baer, Jonathan Cohen, Pio Marma\u00ef, Didier Flamand and Romain Duris.[\/vc_column_text][\/vc_column][\/vc_row][vc_row][vc_column width=&#8221;1\/2&#8243;][vc_column_text css=&#8221;&#8221;]<\/p>\n<h3 style=\"text-align: justify;\"><strong><span style=\"color: #d3ab1d;\">General Information<\/span><\/strong><\/h3>\n<p class=\"p1\"><strong>Original Titlel: <\/strong>Daaaaaal\u00ed<\/p>\n<p><strong>Year:<\/strong> 2024<\/p>\n<p class=\"p1\"><strong>Running time:<\/strong> 77 minutes<\/p>\n<p class=\"p1\"><b>Country: <\/b>France<\/p>\n<p class=\"p1\"><strong>Direction:<\/strong> Quentin Dupieux<\/p>\n<p class=\"p1\"><strong>Screenwriter: <\/strong>Quentin Dupieux<\/p>\n<p><strong>Cast:<\/strong> Edouard Baer, Pio Marma\u00ef, Gilles Lellouche, Ana\u00efs Demoustier, Jonathan Cohen, Pierre Niney<\/p>\n<p class=\"p1\"><strong>Producer: <\/strong>Mathieu Verhaeghe,Thomas Verhaeghe<\/p>\n<p class=\"p1\"><strong>Language: <\/strong>V.O.S.E<\/p>\n<p>[\/vc_column_text][\/vc_column][vc_column width=&#8221;1\/2&#8243;][vc_column_text css=&#8221;&#8221;]<\/p>\n<h3 style=\"text-align: justify;\"><strong><span style=\"color: #d3ab1d;\">Genreo<\/span><\/strong><\/h3>\n<p class=\"p1\">Comedy,Drama, Sci-Fi<\/p>\n<h3><strong><span style=\"color: #d3ab1d;\">Trailer<\/span><\/strong><\/h3>\n<p>[\/vc_column_text][vc_video link=&#8221;https:\/\/youtu.be\/ce_kgegjDPM?si=nqnISMQp3nlZAVvl&#8221; css=&#8221;&#8221;][\/vc_column][\/vc_row]<\/p>\n<\/div>","protected":false},"excerpt":{"rendered":"<p>[vc_row][vc_column width=&#8221;1\/4&#8243;][vc_single_image image=&#8221;10416&#8243; img_size=&#8221;medium&#8221; css=&#8221;&#8221;][vc_column_text][\/vc_column_text][\/vc_column][vc_column width=&#8221;3\/4&#8243;][vc_column_text css=&#8221;&#8221;]Daaaaaal\u00ed A young French journalist meets the iconic surrealist artist Salvador Dal\u00ed on several occasions for a documentary project that never came to fruition. [&hellip;]<\/p>\n","protected":false},"author":1,"featured_media":0,"parent":10695,"menu_order":0,"comment_status":"closed","ping_status":"closed","template":"","meta":{"footnotes":""},"class_list":["post-10701","page","type-page","status-publish","hentry"],"yoast_head":"<!-- This site is optimized with the Yoast SEO plugin v27.5 - https:\/\/yoast.com\/product\/yoast-seo-wordpress\/ -->\n<title>Daaaaaal\u00ed - Maresme Film Festival<\/title>\n<meta name=\"robots\" content=\"index, follow, max-snippet:-1, max-image-preview:large, max-video-preview:-1\" \/>\n<link rel=\"canonical\" href=\"https:\/\/www.maresmefilmfestival.com\/en\/creative-rosebud-awards-2\/daaaaaali\/\" \/>\n<meta property=\"og:locale\" content=\"en_US\" \/>\n<meta property=\"og:type\" content=\"article\" \/>\n<meta property=\"og:title\" content=\"Daaaaaal\u00ed - Maresme Film Festival\" \/>\n<meta property=\"og:description\" content=\"[vc_row][vc_column width=&#8221;1\/4&#8243;][vc_single_image image=&#8221;10416&#8243; img_size=&#8221;medium&#8221; css=&#8221;&#8221;][vc_column_text][\/vc_column_text][\/vc_column][vc_column width=&#8221;3\/4&#8243;][vc_column_text css=&#8221;&#8221;]Daaaaaal\u00ed A young French journalist meets the iconic surrealist artist Salvador Dal\u00ed on several occasions for a documentary project that never came to fruition. [&hellip;]\" \/>\n<meta property=\"og:url\" content=\"https:\/\/www.maresmefilmfestival.com\/en\/creative-rosebud-awards-2\/daaaaaali\/\" \/>\n<meta property=\"og:site_name\" content=\"Maresme Film Festival\" \/>\n<meta property=\"article:publisher\" content=\"https:\/\/www.facebook.com\/Festival-de-Cinema-de-Calella-536425489872034\/?ref=hl\" \/>\n<meta property=\"article:modified_time\" content=\"2024-10-15T09:17:55+00:00\" \/>\n<meta name=\"twitter:card\" content=\"summary_large_image\" \/>\n<meta name=\"twitter:site\" content=\"@CalellaFilmFest\" \/>\n<meta name=\"twitter:label1\" content=\"Est. reading time\" \/>\n\t<meta name=\"twitter:data1\" content=\"1 minute\" \/>\n<script type=\"application\/ld+json\" class=\"yoast-schema-graph\">{\"@context\":\"https:\\\/\\\/schema.org\",\"@graph\":[{\"@type\":\"WebPage\",\"@id\":\"https:\\\/\\\/www.maresmefilmfestival.com\\\/en\\\/creative-rosebud-awards-2\\\/daaaaaali\\\/\",\"url\":\"https:\\\/\\\/www.maresmefilmfestival.com\\\/en\\\/creative-rosebud-awards-2\\\/daaaaaali\\\/\",\"name\":\"Daaaaaal\u00ed - Maresme Film Festival\",\"isPartOf\":{\"@id\":\"https:\\\/\\\/www.maresmefilmfestival.com\\\/en\\\/#website\"},\"datePublished\":\"2024-10-15T08:50:27+00:00\",\"dateModified\":\"2024-10-15T09:17:55+00:00\",\"breadcrumb\":{\"@id\":\"https:\\\/\\\/www.maresmefilmfestival.com\\\/en\\\/creative-rosebud-awards-2\\\/daaaaaali\\\/#breadcrumb\"},\"inLanguage\":\"en-US\",\"potentialAction\":[{\"@type\":\"ReadAction\",\"target\":[\"https:\\\/\\\/www.maresmefilmfestival.com\\\/en\\\/creative-rosebud-awards-2\\\/daaaaaali\\\/\"]}]},{\"@type\":\"BreadcrumbList\",\"@id\":\"https:\\\/\\\/www.maresmefilmfestival.com\\\/en\\\/creative-rosebud-awards-2\\\/daaaaaali\\\/#breadcrumb\",\"itemListElement\":[{\"@type\":\"ListItem\",\"position\":1,\"name\":\"Portada\",\"item\":\"https:\\\/\\\/www.maresmefilmfestival.com\\\/en\\\/\"},{\"@type\":\"ListItem\",\"position\":2,\"name\":\"Creative Rosebud Awards\",\"item\":\"https:\\\/\\\/www.maresmefilmfestival.com\\\/en\\\/creative-rosebud-awards-2\\\/\"},{\"@type\":\"ListItem\",\"position\":3,\"name\":\"Daaaaaal\u00ed\"}]},{\"@type\":\"WebSite\",\"@id\":\"https:\\\/\\\/www.maresmefilmfestival.com\\\/en\\\/#website\",\"url\":\"https:\\\/\\\/www.maresmefilmfestival.com\\\/en\\\/\",\"name\":\"Maresme Film Festival\",\"description\":\"\",\"potentialAction\":[{\"@type\":\"SearchAction\",\"target\":{\"@type\":\"EntryPoint\",\"urlTemplate\":\"https:\\\/\\\/www.maresmefilmfestival.com\\\/en\\\/?s={search_term_string}\"},\"query-input\":{\"@type\":\"PropertyValueSpecification\",\"valueRequired\":true,\"valueName\":\"search_term_string\"}}],\"inLanguage\":\"en-US\"}]}<\/script>\n<!-- \/ Yoast SEO plugin. -->","yoast_head_json":{"title":"Daaaaaal\u00ed - Maresme Film Festival","robots":{"index":"index","follow":"follow","max-snippet":"max-snippet:-1","max-image-preview":"max-image-preview:large","max-video-preview":"max-video-preview:-1"},"canonical":"https:\/\/www.maresmefilmfestival.com\/en\/creative-rosebud-awards-2\/daaaaaali\/","og_locale":"en_US","og_type":"article","og_title":"Daaaaaal\u00ed - Maresme Film Festival","og_description":"[vc_row][vc_column width=&#8221;1\/4&#8243;][vc_single_image image=&#8221;10416&#8243; img_size=&#8221;medium&#8221; css=&#8221;&#8221;][vc_column_text][\/vc_column_text][\/vc_column][vc_column width=&#8221;3\/4&#8243;][vc_column_text css=&#8221;&#8221;]Daaaaaal\u00ed A young French journalist meets the iconic surrealist artist Salvador Dal\u00ed on several occasions for a documentary project that never came to fruition. [&hellip;]","og_url":"https:\/\/www.maresmefilmfestival.com\/en\/creative-rosebud-awards-2\/daaaaaali\/","og_site_name":"Maresme Film Festival","article_publisher":"https:\/\/www.facebook.com\/Festival-de-Cinema-de-Calella-536425489872034\/?ref=hl","article_modified_time":"2024-10-15T09:17:55+00:00","twitter_card":"summary_large_image","twitter_site":"@CalellaFilmFest","twitter_misc":{"Est. reading time":"1 minute"},"schema":{"@context":"https:\/\/schema.org","@graph":[{"@type":"WebPage","@id":"https:\/\/www.maresmefilmfestival.com\/en\/creative-rosebud-awards-2\/daaaaaali\/","url":"https:\/\/www.maresmefilmfestival.com\/en\/creative-rosebud-awards-2\/daaaaaali\/","name":"Daaaaaal\u00ed - Maresme Film Festival","isPartOf":{"@id":"https:\/\/www.maresmefilmfestival.com\/en\/#website"},"datePublished":"2024-10-15T08:50:27+00:00","dateModified":"2024-10-15T09:17:55+00:00","breadcrumb":{"@id":"https:\/\/www.maresmefilmfestival.com\/en\/creative-rosebud-awards-2\/daaaaaali\/#breadcrumb"},"inLanguage":"en-US","potentialAction":[{"@type":"ReadAction","target":["https:\/\/www.maresmefilmfestival.com\/en\/creative-rosebud-awards-2\/daaaaaali\/"]}]},{"@type":"BreadcrumbList","@id":"https:\/\/www.maresmefilmfestival.com\/en\/creative-rosebud-awards-2\/daaaaaali\/#breadcrumb","itemListElement":[{"@type":"ListItem","position":1,"name":"Portada","item":"https:\/\/www.maresmefilmfestival.com\/en\/"},{"@type":"ListItem","position":2,"name":"Creative Rosebud Awards","item":"https:\/\/www.maresmefilmfestival.com\/en\/creative-rosebud-awards-2\/"},{"@type":"ListItem","position":3,"name":"Daaaaaal\u00ed"}]},{"@type":"WebSite","@id":"https:\/\/www.maresmefilmfestival.com\/en\/#website","url":"https:\/\/www.maresmefilmfestival.com\/en\/","name":"Maresme Film Festival","description":"","potentialAction":[{"@type":"SearchAction","target":{"@type":"EntryPoint","urlTemplate":"https:\/\/www.maresmefilmfestival.com\/en\/?s={search_term_string}"},"query-input":{"@type":"PropertyValueSpecification","valueRequired":true,"valueName":"search_term_string"}}],"inLanguage":"en-US"}]}},"_links":{"self":[{"href":"https:\/\/www.maresmefilmfestival.com\/en\/wp-json\/wp\/v2\/pages\/10701","targetHints":{"allow":["GET"]}}],"collection":[{"href":"https:\/\/www.maresmefilmfestival.com\/en\/wp-json\/wp\/v2\/pages"}],"about":[{"href":"https:\/\/www.maresmefilmfestival.com\/en\/wp-json\/wp\/v2\/types\/page"}],"author":[{"embeddable":true,"href":"https:\/\/www.maresmefilmfestival.com\/en\/wp-json\/wp\/v2\/users\/1"}],"replies":[{"embeddable":true,"href":"https:\/\/www.maresmefilmfestival.com\/en\/wp-json\/wp\/v2\/comments?post=10701"}],"version-history":[{"count":0,"href":"https:\/\/www.maresmefilmfestival.com\/en\/wp-json\/wp\/v2\/pages\/10701\/revisions"}],"up":[{"embeddable":true,"href":"https:\/\/www.maresmefilmfestival.com\/en\/wp-json\/wp\/v2\/pages\/10695"}],"wp:attachment":[{"href":"https:\/\/www.maresmefilmfestival.com\/en\/wp-json\/wp\/v2\/media?parent=10701"}],"curies":[{"name":"wp","href":"https:\/\/api.w.org\/{rel}","templated":true}]}}

Daaaaaalí

<div class="wpb-content-wrapper"><p>[vc_row][vc_column width=&#8221;1/4&#8243;][vc_single_image image=&#8221;10416&#8243; img_size=&#8221;medium&#8221; css=&#8221;&#8221;][vc_column_text][/vc_column_text][/vc_column][vc_column width=&#8221;3/4&#8243;][vc_column_text css=&#8221;&#8221;]<strong>Daaaaaalí</strong></p>
<p>A young French journalist meets the iconic surrealist artist Salvador Dalí on several occasions for a documentary project that never came to fruition.<br />
DALI, the new comedy written and directed by acclaimed French director Quentin Dupieux (‘Smoking Causes Coughing’, ‘Jaws’, ‘Rubber’, ‘Réalité’), was presented in the Official Selection at the last Venice Film Festival and was unanimously awarded the Critics&#8217; Prize at the BCN Film Fest. The film stars César winner Anaïs Demoustier, Gilles Lellouche, Edouard Baer, Jonathan Cohen, Pio Marmaï, Didier Flamand and Romain Duris.[/vc_column_text][/vc_column][/vc_row][vc_row][vc_column width=&#8221;1/2&#8243;][vc_column_text css=&#8221;&#8221;]</p>
<h3 style="text-align: justify;"><strong><span style="color: #d3ab1d;">General Information</span></strong></h3>
<p class="p1"><strong>Original Titlel: </strong>Daaaaaalí</p>
<p><strong>Year:</strong> 2024</p>
<p class="p1"><strong>Running time:</strong> 77 minutes</p>
<p class="p1"><b>Country: </b>France</p>
<p class="p1"><strong>Direction:</strong> Quentin Dupieux</p>
<p class="p1"><strong>Screenwriter: </strong>Quentin Dupieux</p>
<p><strong>Cast:</strong> Edouard Baer, Pio Marmaï, Gilles Lellouche, Anaïs Demoustier, Jonathan Cohen, Pierre Niney</p>
<p class="p1"><strong>Producer: </strong>Mathieu Verhaeghe,Thomas Verhaeghe</p>
<p class="p1"><strong>Language: </strong>V.O.S.E</p>
<p>[/vc_column_text][/vc_column][vc_column width=&#8221;1/2&#8243;][vc_column_text css=&#8221;&#8221;]</p>
<h3 style="text-align: justify;"><strong><span style="color: #d3ab1d;">Genreo</span></strong></h3>
<p class="p1">Comedy,Drama, Sci-Fi</p>
<h3><strong><span style="color: #d3ab1d;">Trailer</span></strong></h3>
<p>[/vc_column_text][vc_video link=&#8221;https://youtu.be/ce_kgegjDPM?si=nqnISMQp3nlZAVvl&#8221; css=&#8221;&#8221;][/vc_column][/vc_row]</p>
</div>

<p>[vc_row][vc_column width=&#8221;1/4&#8243;][vc_single_image image=&#8221;10416&#8243; img_size=&#8221;medium&#8221; css=&#8221;&#8221;][vc_column_text][/vc_column_text][/vc_column][vc_column width=&#8221;3/4&#8243;][vc_column_text css=&#8221;&#8221;]Daaaaaalí A young French journalist meets the iconic surrealist artist Salvador Dalí on several occasions for a documentary project that never came to fruition. [&hellip;]</p>

<!-- This site is optimized with the Yoast SEO plugin v27.5 - https://yoast.com/product/yoast-seo-wordpress/ -->
<title>Daaaaaalí - Maresme Film Festival</title>
<meta name="robots" content="index, follow, max-snippet:-1, max-image-preview:large, max-video-preview:-1" />
<link rel="canonical" href="https://www.maresmefilmfestival.com/en/creative-rosebud-awards-2/daaaaaali/" />
<meta property="og:locale" content="en_US" />
<meta property="og:type" content="article" />
<meta property="og:title" content="Daaaaaalí - Maresme Film Festival" />
<meta property="og:description" content="[vc_row][vc_column width=&#8221;1/4&#8243;][vc_single_image image=&#8221;10416&#8243; img_size=&#8221;medium&#8221; css=&#8221;&#8221;][vc_column_text][/vc_column_text][/vc_column][vc_column width=&#8221;3/4&#8243;][vc_column_text css=&#8221;&#8221;]Daaaaaalí A young French journalist meets the iconic surrealist artist Salvador Dalí on several occasions for a documentary project that never came to fruition. [&hellip;]" />
<meta property="og:url" content="https://www.maresmefilmfestival.com/en/creative-rosebud-awards-2/daaaaaali/" />
<meta property="og:site_name" content="Maresme Film Festival" />
<meta property="article:publisher" content="https://www.facebook.com/Festival-de-Cinema-de-Calella-536425489872034/?ref=hl" />
<meta property="article:modified_time" content="2024-10-15T09:17:55+00:00" />
<meta name="twitter:card" content="summary_large_image" />
<meta name="twitter:site" content="@CalellaFilmFest" />
<meta name="twitter:label1" content="Est. reading time" />
	<meta name="twitter:data1" content="1 minute" />
<script type="application/ld+json" class="yoast-schema-graph">{"@context":"https:\/\/schema.org","@graph":[{"@type":"WebPage","@id":"https:\/\/www.maresmefilmfestival.com\/en\/creative-rosebud-awards-2\/daaaaaali\/","url":"https:\/\/www.maresmefilmfestival.com\/en\/creative-rosebud-awards-2\/daaaaaali\/","name":"Daaaaaalí - Maresme Film Festival","isPartOf":{"@id":"https:\/\/www.maresmefilmfestival.com\/en\/#website"},"datePublished":"2024-10-15T08:50:27+00:00","dateModified":"2024-10-15T09:17:55+00:00","breadcrumb":{"@id":"https:\/\/www.maresmefilmfestival.com\/en\/creative-rosebud-awards-2\/daaaaaali\/#breadcrumb"},"inLanguage":"en-US","potentialAction":[{"@type":"ReadAction","target":["https:\/\/www.maresmefilmfestival.com\/en\/creative-rosebud-awards-2\/daaaaaali\/"]}]},{"@type":"BreadcrumbList","@id":"https:\/\/www.maresmefilmfestival.com\/en\/creative-rosebud-awards-2\/daaaaaali\/#breadcrumb","itemListElement":[{"@type":"ListItem","position":1,"name":"Portada","item":"https:\/\/www.maresmefilmfestival.com\/en\/"},{"@type":"ListItem","position":2,"name":"Creative Rosebud Awards","item":"https:\/\/www.maresmefilmfestival.com\/en\/creative-rosebud-awards-2\/"},{"@type":"ListItem","position":3,"name":"Daaaaaalí"}]},{"@type":"WebSite","@id":"https:\/\/www.maresmefilmfestival.com\/en\/#website","url":"https:\/\/www.maresmefilmfestival.com\/en\/","name":"Maresme Film Festival","description":"","potentialAction":[{"@type":"SearchAction","target":{"@type":"EntryPoint","urlTemplate":"https:\/\/www.maresmefilmfestival.com\/en\/?s={search_term_string}"},"query-input":{"@type":"PropertyValueSpecification","valueRequired":true,"valueName":"search_term_string"}}],"inLanguage":"en-US"}]}</script>
<!-- / Yoast SEO plugin. -->

Daaaaaalí - Maresme Film Festival

[vc_row][vc_column width=&#8221;1/4&#8243;][vc_single_image image=&#8221;10416&#8243; img_size=&#8221;medium&#8221; css=&#8221;&#8221;][vc_column_text][/vc_column_text][/vc_column][vc_column width=&#8221;3/4&#8243;][vc_column_text css=&#8221;&#8221;]Daaaaaalí A young French journalist meets the iconic surrealist artist Salvador Dalí on several occasions for a documentary project that never came to fruition. [&hellip;]
