{"id":10632,"date":"2024-10-14T09:28:40","date_gmt":"2024-10-14T08:28:40","guid":{"rendered":"https:\/\/www.maresmefilmfestival.com\/low-budget\/mai-parlarem-de-nosaltres\/"},"modified":"2024-10-14T12:19:50","modified_gmt":"2024-10-14T11:19:50","slug":"mai-parlarem-de-nosaltres","status":"publish","type":"page","link":"https:\/\/www.maresmefilmfestival.com\/en\/low-budget\/mai-parlarem-de-nosaltres\/","title":{"rendered":"Mai parlarem de nosaltres"},"content":{"rendered":"<div class=\"wpb-content-wrapper\"><p>[vc_row][vc_column width=&#8221;1\/4&#8243;][vc_single_image image=&#8221;10389&#8243; img_size=&#8221;medium&#8221; css=&#8221;&#8221;][vc_column_text][\/vc_column_text][\/vc_column][vc_column width=&#8221;3\/4&#8243;][vc_column_text css=&#8221;&#8221;]<strong>Mai parlarem de nosaltres<\/strong><\/p>\n<p>Two best friends spend one last weekend together before one of them goes to live in France. As the weekend progresses, a series of incidents will test the strength of their friendship.[\/vc_column_text][\/vc_column][\/vc_row][vc_row][vc_column width=&#8221;1\/2&#8243;][vc_column_text css=&#8221;&#8221;]<\/p>\n<h3 style=\"text-align: justify;\"><strong><span style=\"color: #d3ab1d;\">General Information<\/span><\/strong><\/h3>\n<p class=\"p1\"><strong>Original Title: <\/strong>Mai parlarem de nosaltres<\/p>\n<p><strong>Year:<\/strong> 2023<\/p>\n<p class=\"p1\"><strong>Running time:<\/strong> 62 minutes<\/p>\n<p class=\"p1\"><b>Country: <\/b>Catalonia-Spain<\/p>\n<p class=\"p1\"><strong>Direction:<\/strong> Raimon Valls<\/p>\n<p class=\"p1\"><strong>Screenwriter: <\/strong>Raimon Valls<\/p>\n<p><strong>Cast: <\/strong>Berta Galo,\u00a0Paula Vicario,\u00a0Mikel Iglesias,\u00a0M\u00f2nica P\u00e9rez, Jordi R\u00edos<\/p>\n<p class=\"p1\"><strong>Producer: <\/strong>Victor Roche<\/p>\n<p class=\"p1\"><strong>Language: <\/strong>V.O.C<\/p>\n<p>[\/vc_column_text][\/vc_column][vc_column width=&#8221;1\/2&#8243;][vc_column_text css=&#8221;&#8221;]<\/p>\n<h3 style=\"text-align: justify;\"><strong><span style=\"color: #d3ab1d;\">Genre<\/span><\/strong><\/h3>\n<p class=\"p1\">Drama, comedy, teenagers<\/p>\n<h3><strong><span style=\"color: #d3ab1d;\">Trailer<\/span><\/strong><\/h3>\n<p>[\/vc_column_text][vc_video link=&#8221;https:\/\/youtu.be\/kElYFQUHXL4&#8243; css=&#8221;&#8221;][\/vc_column][\/vc_row]<\/p>\n<\/div>","protected":false},"excerpt":{"rendered":"<p>[vc_row][vc_column width=&#8221;1\/4&#8243;][vc_single_image image=&#8221;10389&#8243; img_size=&#8221;medium&#8221; css=&#8221;&#8221;][vc_column_text][\/vc_column_text][\/vc_column][vc_column width=&#8221;3\/4&#8243;][vc_column_text css=&#8221;&#8221;]Mai parlarem de nosaltres Two best friends spend one last weekend together before one of them goes to live in France. As the weekend [&hellip;]<\/p>\n","protected":false},"author":1,"featured_media":0,"parent":10628,"menu_order":0,"comment_status":"closed","ping_status":"closed","template":"","meta":{"footnotes":""},"class_list":["post-10632","page","type-page","status-publish","hentry"],"yoast_head":"<!-- This site is optimized with the Yoast SEO plugin v27.5 - https:\/\/yoast.com\/product\/yoast-seo-wordpress\/ -->\n<title>Mai parlarem de nosaltres - Maresme Film Festival<\/title>\n<meta name=\"robots\" content=\"index, follow, max-snippet:-1, max-image-preview:large, max-video-preview:-1\" \/>\n<link rel=\"canonical\" href=\"https:\/\/www.maresmefilmfestival.com\/en\/low-budget\/mai-parlarem-de-nosaltres\/\" \/>\n<meta property=\"og:locale\" content=\"en_US\" \/>\n<meta property=\"og:type\" content=\"article\" \/>\n<meta property=\"og:title\" content=\"Mai parlarem de nosaltres - Maresme Film Festival\" \/>\n<meta property=\"og:description\" content=\"[vc_row][vc_column width=&#8221;1\/4&#8243;][vc_single_image image=&#8221;10389&#8243; img_size=&#8221;medium&#8221; css=&#8221;&#8221;][vc_column_text][\/vc_column_text][\/vc_column][vc_column width=&#8221;3\/4&#8243;][vc_column_text css=&#8221;&#8221;]Mai parlarem de nosaltres Two best friends spend one last weekend together before one of them goes to live in France. As the weekend [&hellip;]\" \/>\n<meta property=\"og:url\" content=\"https:\/\/www.maresmefilmfestival.com\/en\/low-budget\/mai-parlarem-de-nosaltres\/\" \/>\n<meta property=\"og:site_name\" content=\"Maresme Film Festival\" \/>\n<meta property=\"article:publisher\" content=\"https:\/\/www.facebook.com\/Festival-de-Cinema-de-Calella-536425489872034\/?ref=hl\" \/>\n<meta property=\"article:modified_time\" content=\"2024-10-14T11:19:50+00:00\" \/>\n<meta name=\"twitter:card\" content=\"summary_large_image\" \/>\n<meta name=\"twitter:site\" content=\"@CalellaFilmFest\" \/>\n<meta name=\"twitter:label1\" content=\"Est. reading time\" \/>\n\t<meta name=\"twitter:data1\" content=\"1 minute\" \/>\n<script type=\"application\/ld+json\" class=\"yoast-schema-graph\">{\"@context\":\"https:\\\/\\\/schema.org\",\"@graph\":[{\"@type\":\"WebPage\",\"@id\":\"https:\\\/\\\/www.maresmefilmfestival.com\\\/en\\\/low-budget\\\/mai-parlarem-de-nosaltres\\\/\",\"url\":\"https:\\\/\\\/www.maresmefilmfestival.com\\\/en\\\/low-budget\\\/mai-parlarem-de-nosaltres\\\/\",\"name\":\"Mai parlarem de nosaltres - Maresme Film Festival\",\"isPartOf\":{\"@id\":\"https:\\\/\\\/www.maresmefilmfestival.com\\\/en\\\/#website\"},\"datePublished\":\"2024-10-14T08:28:40+00:00\",\"dateModified\":\"2024-10-14T11:19:50+00:00\",\"breadcrumb\":{\"@id\":\"https:\\\/\\\/www.maresmefilmfestival.com\\\/en\\\/low-budget\\\/mai-parlarem-de-nosaltres\\\/#breadcrumb\"},\"inLanguage\":\"en-US\",\"potentialAction\":[{\"@type\":\"ReadAction\",\"target\":[\"https:\\\/\\\/www.maresmefilmfestival.com\\\/en\\\/low-budget\\\/mai-parlarem-de-nosaltres\\\/\"]}]},{\"@type\":\"BreadcrumbList\",\"@id\":\"https:\\\/\\\/www.maresmefilmfestival.com\\\/en\\\/low-budget\\\/mai-parlarem-de-nosaltres\\\/#breadcrumb\",\"itemListElement\":[{\"@type\":\"ListItem\",\"position\":1,\"name\":\"Portada\",\"item\":\"https:\\\/\\\/www.maresmefilmfestival.com\\\/en\\\/\"},{\"@type\":\"ListItem\",\"position\":2,\"name\":\"Low Budget\",\"item\":\"https:\\\/\\\/www.maresmefilmfestival.com\\\/en\\\/low-budget\\\/\"},{\"@type\":\"ListItem\",\"position\":3,\"name\":\"Mai parlarem de nosaltres\"}]},{\"@type\":\"WebSite\",\"@id\":\"https:\\\/\\\/www.maresmefilmfestival.com\\\/en\\\/#website\",\"url\":\"https:\\\/\\\/www.maresmefilmfestival.com\\\/en\\\/\",\"name\":\"Maresme Film Festival\",\"description\":\"\",\"potentialAction\":[{\"@type\":\"SearchAction\",\"target\":{\"@type\":\"EntryPoint\",\"urlTemplate\":\"https:\\\/\\\/www.maresmefilmfestival.com\\\/en\\\/?s={search_term_string}\"},\"query-input\":{\"@type\":\"PropertyValueSpecification\",\"valueRequired\":true,\"valueName\":\"search_term_string\"}}],\"inLanguage\":\"en-US\"}]}<\/script>\n<!-- \/ Yoast SEO plugin. -->","yoast_head_json":{"title":"Mai parlarem de nosaltres - Maresme Film Festival","robots":{"index":"index","follow":"follow","max-snippet":"max-snippet:-1","max-image-preview":"max-image-preview:large","max-video-preview":"max-video-preview:-1"},"canonical":"https:\/\/www.maresmefilmfestival.com\/en\/low-budget\/mai-parlarem-de-nosaltres\/","og_locale":"en_US","og_type":"article","og_title":"Mai parlarem de nosaltres - Maresme Film Festival","og_description":"[vc_row][vc_column width=&#8221;1\/4&#8243;][vc_single_image image=&#8221;10389&#8243; img_size=&#8221;medium&#8221; css=&#8221;&#8221;][vc_column_text][\/vc_column_text][\/vc_column][vc_column width=&#8221;3\/4&#8243;][vc_column_text css=&#8221;&#8221;]Mai parlarem de nosaltres Two best friends spend one last weekend together before one of them goes to live in France. As the weekend [&hellip;]","og_url":"https:\/\/www.maresmefilmfestival.com\/en\/low-budget\/mai-parlarem-de-nosaltres\/","og_site_name":"Maresme Film Festival","article_publisher":"https:\/\/www.facebook.com\/Festival-de-Cinema-de-Calella-536425489872034\/?ref=hl","article_modified_time":"2024-10-14T11:19:50+00:00","twitter_card":"summary_large_image","twitter_site":"@CalellaFilmFest","twitter_misc":{"Est. reading time":"1 minute"},"schema":{"@context":"https:\/\/schema.org","@graph":[{"@type":"WebPage","@id":"https:\/\/www.maresmefilmfestival.com\/en\/low-budget\/mai-parlarem-de-nosaltres\/","url":"https:\/\/www.maresmefilmfestival.com\/en\/low-budget\/mai-parlarem-de-nosaltres\/","name":"Mai parlarem de nosaltres - Maresme Film Festival","isPartOf":{"@id":"https:\/\/www.maresmefilmfestival.com\/en\/#website"},"datePublished":"2024-10-14T08:28:40+00:00","dateModified":"2024-10-14T11:19:50+00:00","breadcrumb":{"@id":"https:\/\/www.maresmefilmfestival.com\/en\/low-budget\/mai-parlarem-de-nosaltres\/#breadcrumb"},"inLanguage":"en-US","potentialAction":[{"@type":"ReadAction","target":["https:\/\/www.maresmefilmfestival.com\/en\/low-budget\/mai-parlarem-de-nosaltres\/"]}]},{"@type":"BreadcrumbList","@id":"https:\/\/www.maresmefilmfestival.com\/en\/low-budget\/mai-parlarem-de-nosaltres\/#breadcrumb","itemListElement":[{"@type":"ListItem","position":1,"name":"Portada","item":"https:\/\/www.maresmefilmfestival.com\/en\/"},{"@type":"ListItem","position":2,"name":"Low Budget","item":"https:\/\/www.maresmefilmfestival.com\/en\/low-budget\/"},{"@type":"ListItem","position":3,"name":"Mai parlarem de nosaltres"}]},{"@type":"WebSite","@id":"https:\/\/www.maresmefilmfestival.com\/en\/#website","url":"https:\/\/www.maresmefilmfestival.com\/en\/","name":"Maresme Film Festival","description":"","potentialAction":[{"@type":"SearchAction","target":{"@type":"EntryPoint","urlTemplate":"https:\/\/www.maresmefilmfestival.com\/en\/?s={search_term_string}"},"query-input":{"@type":"PropertyValueSpecification","valueRequired":true,"valueName":"search_term_string"}}],"inLanguage":"en-US"}]}},"_links":{"self":[{"href":"https:\/\/www.maresmefilmfestival.com\/en\/wp-json\/wp\/v2\/pages\/10632","targetHints":{"allow":["GET"]}}],"collection":[{"href":"https:\/\/www.maresmefilmfestival.com\/en\/wp-json\/wp\/v2\/pages"}],"about":[{"href":"https:\/\/www.maresmefilmfestival.com\/en\/wp-json\/wp\/v2\/types\/page"}],"author":[{"embeddable":true,"href":"https:\/\/www.maresmefilmfestival.com\/en\/wp-json\/wp\/v2\/users\/1"}],"replies":[{"embeddable":true,"href":"https:\/\/www.maresmefilmfestival.com\/en\/wp-json\/wp\/v2\/comments?post=10632"}],"version-history":[{"count":0,"href":"https:\/\/www.maresmefilmfestival.com\/en\/wp-json\/wp\/v2\/pages\/10632\/revisions"}],"up":[{"embeddable":true,"href":"https:\/\/www.maresmefilmfestival.com\/en\/wp-json\/wp\/v2\/pages\/10628"}],"wp:attachment":[{"href":"https:\/\/www.maresmefilmfestival.com\/en\/wp-json\/wp\/v2\/media?parent=10632"}],"curies":[{"name":"wp","href":"https:\/\/api.w.org\/{rel}","templated":true}]}}

<div class="wpb-content-wrapper"><p>[vc_row][vc_column width=&#8221;1/4&#8243;][vc_single_image image=&#8221;10389&#8243; img_size=&#8221;medium&#8221; css=&#8221;&#8221;][vc_column_text][/vc_column_text][/vc_column][vc_column width=&#8221;3/4&#8243;][vc_column_text css=&#8221;&#8221;]<strong>Mai parlarem de nosaltres</strong></p>
<p>Two best friends spend one last weekend together before one of them goes to live in France. As the weekend progresses, a series of incidents will test the strength of their friendship.[/vc_column_text][/vc_column][/vc_row][vc_row][vc_column width=&#8221;1/2&#8243;][vc_column_text css=&#8221;&#8221;]</p>
<h3 style="text-align: justify;"><strong><span style="color: #d3ab1d;">General Information</span></strong></h3>
<p class="p1"><strong>Original Title: </strong>Mai parlarem de nosaltres</p>
<p><strong>Year:</strong> 2023</p>
<p class="p1"><strong>Running time:</strong> 62 minutes</p>
<p class="p1"><b>Country: </b>Catalonia-Spain</p>
<p class="p1"><strong>Direction:</strong> Raimon Valls</p>
<p class="p1"><strong>Screenwriter: </strong>Raimon Valls</p>
<p><strong>Cast: </strong>Berta Galo, Paula Vicario, Mikel Iglesias, Mònica Pérez, Jordi Ríos</p>
<p class="p1"><strong>Producer: </strong>Victor Roche</p>
<p class="p1"><strong>Language: </strong>V.O.C</p>
<p>[/vc_column_text][/vc_column][vc_column width=&#8221;1/2&#8243;][vc_column_text css=&#8221;&#8221;]</p>
<h3 style="text-align: justify;"><strong><span style="color: #d3ab1d;">Genre</span></strong></h3>
<p class="p1">Drama, comedy, teenagers</p>
<h3><strong><span style="color: #d3ab1d;">Trailer</span></strong></h3>
<p>[/vc_column_text][vc_video link=&#8221;https://youtu.be/kElYFQUHXL4&#8243; css=&#8221;&#8221;][/vc_column][/vc_row]</p>
</div>
